{"id":19841,"date":"2020-09-22T14:52:23","date_gmt":"2020-09-22T17:52:23","guid":{"rendered":"https:\/\/www.editoralux.com.br\/loja\/?post_type=product&#038;p=19841"},"modified":"2024-09-24T20:50:33","modified_gmt":"2024-09-24T23:50:33","slug":"o-que-fazer-para-ser-infeliz","status":"publish","type":"product","link":"https:\/\/www.editoralux.com.br\/loja\/produto\/o-que-fazer-para-ser-infeliz\/","title":{"rendered":"O que fazer para ser Infeliz"},"content":{"rendered":"","protected":false},"excerpt":{"rendered":"<p>Precisamos decidir ser felizes antes de sermos dominados pela insatisfa\u00e7\u00e3o. Infelicidade. Ou seja, \u00e9 mais f\u00e1cil se prevenir contra a infelicidade do que combat\u00ea-la. Muito mais dif\u00edcil ainda fica quando j\u00e1 est\u00e1 cr\u00f4nica, chegando ao n\u00edvel de uma depress\u00e3o.<\/p>\n<p>Portanto, vamos excluir cada um dos fatores que pode contribuir para sermos infelizes. Eliminemos um a um, de acordo com a nossa \u201ccapacidade\u201d, de cada etapa da nossa vida, chegando cada vez mais pr\u00f3ximo de eliminar, QUASE que totalmente, todo sentimento de insatisfa\u00e7\u00e3o.<\/p>\n<p>Acredito que talvez seja melhor tirar o que o deixa infeliz, ao contr\u00e1rio do que se faz naturalmente, que \u00e9 buscar aquilo que o deixa feliz.<\/p>\n","protected":false},"featured_media":19838,"template":"","meta":{"_monsterinsights_skip_tracking":false,"_monsterinsights_sitenote_active":false,"_monsterinsights_sitenote_note":"","_monsterinsights_sitenote_category":0},"product_brand":[],"product_cat":[15],"product_tag":[],"class_list":{"0":"post-19841","1":"product","2":"type-product","3":"status-publish","4":"has-post-thumbnail","6":"product_cat-sem-categoria","7":"product_shipping_class-impresso","9":"first","10":"outofstock","11":"shipping-taxable","12":"purchasable","13":"product-type-simple"},"_links":{"self":[{"href":"https:\/\/www.editoralux.com.br\/loja\/wp-json\/wp\/v2\/product\/19841"}],"collection":[{"href":"https:\/\/www.editoralux.com.br\/loja\/wp-json\/wp\/v2\/product"}],"about":[{"href":"https:\/\/www.editoralux.com.br\/loja\/wp-json\/wp\/v2\/types\/product"}],"wp:featuredmedia":[{"embeddable":true,"href":"https:\/\/www.editoralux.com.br\/loja\/wp-json\/wp\/v2\/media\/19838"}],"wp:attachment":[{"href":"https:\/\/www.editoralux.com.br\/loja\/wp-json\/wp\/v2\/media?parent=19841"}],"wp:term":[{"taxonomy":"product_brand","embeddable":true,"href":"https:\/\/www.editoralux.com.br\/loja\/wp-json\/wp\/v2\/product_brand?post=19841"},{"taxonomy":"product_cat","embeddable":true,"href":"https:\/\/www.editoralux.com.br\/loja\/wp-json\/wp\/v2\/product_cat?post=19841"},{"taxonomy":"product_tag","embeddable":true,"href":"https:\/\/www.editoralux.com.br\/loja\/wp-json\/wp\/v2\/product_tag?post=19841"}],"curies":[{"name":"wp","href":"https:\/\/api.w.org\/{rel}","templated":true}]}}