{"id":19865,"date":"2020-10-08T14:44:12","date_gmt":"2020-10-08T17:44:12","guid":{"rendered":"https:\/\/www.editoralux.com.br\/loja\/?post_type=product&#038;p=19865"},"modified":"2026-02-23T09:07:35","modified_gmt":"2026-02-23T12:07:35","slug":"ao-beiral-do-insolito-inverno-verao","status":"publish","type":"product","link":"https:\/\/www.editoralux.com.br\/loja\/produto\/ao-beiral-do-insolito-inverno-verao\/","title":{"rendered":"Ao Beiral do Ins\u00f3lito Inverno &#8211; Ver\u00e3o"},"content":{"rendered":"","protected":false},"excerpt":{"rendered":"<p>O texto liter\u00e1rio se condiz na forma de um conto vivido, inicialmente, no Bar da Esplanada do Castelo, local de conv\u00edvio dos personagens principais: Lord Grovt, que vem a ter informa\u00e7\u00f5es sobre o aparecimento de uma exponencial bruxinha no Bar, de nome n\u00e3o identificado durante toda a obra. Ent\u00e3o, o velho indiv\u00edduo se esfor\u00e7a em localizar tal pessoa e vem a conseguir depois de muitos esfor\u00e7os.<br \/>\nA intera\u00e7\u00e3o entre os dois atores se reafirma na condu\u00e7\u00e3o de suas personalidades bastante individualistas tanto nos sexos masculino e feminino, contudo o documento incorpora a raz\u00e3o ps\u00edquica da m\u00fatua sexualidade masculino-feminina intr\u00ednseca dos dois personagens.<br \/>\nAssim, se desenrola uma trama de car\u00e1ter na complexidade transdisciplinar, t\u00e3o qual no \u00e2mbito das ci\u00eancias humanas como nas naturais, exercendo uma s\u00e9rie de pontos de vista conciliat\u00f3rios e divergentes, pois tudo isso est\u00e1 calcado no desenvolvimento sociol\u00f3gico da popula\u00e7\u00e3o brasileira.<br \/>\nComo o homem \u00e9 subordinado ao manancial jur\u00eddico, enquanto a mulher est\u00e1 acima de quaisquer legisla\u00e7\u00f5es editas, entretanto, ela emite uma variedade de conceitos sobre a edifica\u00e7\u00e3o do mundo feminino detectando seus acertos e erros, analisando o conte\u00fado da constitui\u00e7\u00e3o ps\u00edquico-filo-sociol\u00f3gica familiar da popula\u00e7\u00e3o brasileira no interior da Am\u00e9rica Latina.<br \/>\nEm virtude de todos esses fatos, n\u00e3o h\u00e1 um t\u00e9rmino definitivo da pe\u00e7a, que dever\u00e1 ter prosseguimento em outros cap\u00edtulos.<br \/>\nFormalizo, tamb\u00e9m, que esta obra liter\u00e1ria n\u00e3o est\u00e1 assentada na nova revis\u00e3o ortogr\u00e1fica, morfol\u00f3gica e de sintaxe da l\u00edngua portuguesa brasileira, realizada em 2009, prevalecendo o estado ortogr\u00e1fico original institu\u00eddo na linguagem brasileira antes dessa reforma.<\/p>\n<div class=\"yj6qo\"><\/div>\n","protected":false},"featured_media":19866,"template":"","meta":{"_monsterinsights_skip_tracking":false,"_monsterinsights_sitenote_active":false,"_monsterinsights_sitenote_note":"","_monsterinsights_sitenote_category":0},"product_brand":[],"product_cat":[15],"product_tag":[],"class_list":{"0":"post-19865","1":"product","2":"type-product","3":"status-publish","4":"has-post-thumbnail","6":"product_cat-sem-categoria","7":"product_shipping_class-impresso","9":"first","10":"outofstock","11":"shipping-taxable","12":"purchasable","13":"product-type-simple"},"_links":{"self":[{"href":"https:\/\/www.editoralux.com.br\/loja\/wp-json\/wp\/v2\/product\/19865"}],"collection":[{"href":"https:\/\/www.editoralux.com.br\/loja\/wp-json\/wp\/v2\/product"}],"about":[{"href":"https:\/\/www.editoralux.com.br\/loja\/wp-json\/wp\/v2\/types\/product"}],"wp:featuredmedia":[{"embeddable":true,"href":"https:\/\/www.editoralux.com.br\/loja\/wp-json\/wp\/v2\/media\/19866"}],"wp:attachment":[{"href":"https:\/\/www.editoralux.com.br\/loja\/wp-json\/wp\/v2\/media?parent=19865"}],"wp:term":[{"taxonomy":"product_brand","embeddable":true,"href":"https:\/\/www.editoralux.com.br\/loja\/wp-json\/wp\/v2\/product_brand?post=19865"},{"taxonomy":"product_cat","embeddable":true,"href":"https:\/\/www.editoralux.com.br\/loja\/wp-json\/wp\/v2\/product_cat?post=19865"},{"taxonomy":"product_tag","embeddable":true,"href":"https:\/\/www.editoralux.com.br\/loja\/wp-json\/wp\/v2\/product_tag?post=19865"}],"curies":[{"name":"wp","href":"https:\/\/api.w.org\/{rel}","templated":true}]}}