{"id":19892,"date":"2020-11-03T15:26:03","date_gmt":"2020-11-03T18:26:03","guid":{"rendered":"https:\/\/www.editoralux.com.br\/loja\/?post_type=product&#038;p=19892"},"modified":"2023-09-27T08:30:29","modified_gmt":"2023-09-27T11:30:29","slug":"dia-a-dia-de-bercario","status":"publish","type":"product","link":"https:\/\/www.editoralux.com.br\/loja\/produto\/dia-a-dia-de-bercario\/","title":{"rendered":"Dia a Dia de Ber\u00e7\u00e1rio"},"content":{"rendered":"","protected":false},"excerpt":{"rendered":"<p>Luciane Farias traz nesta obra as suas principais experi\u00eancias ao longo de mais de 11 anos trabalhando com beb\u00eas e crian\u00e7as bem pequenas. Inspirada por educadoras, como Maria Montessori e Emmi Pikler, a autora compartilha suas viv\u00eancias trazendo sempre uma reflex\u00e3o pertinente aos seus relatos. O objetivo principal deste trabalho \u00e9 compartilhar conhecimentos reais de uma sala de ber\u00e7\u00e1rio, desde o acolhimento dos alunos e suas fam\u00edlias, rotina, atividades, burocracias, at\u00e9 o fechamento do ano letivo. O livro contempla viv\u00eancias reais de um ber\u00e7\u00e1rio em seu dia a dia, em pleno funcionamento, e tem a inten\u00e7\u00e3o de apoiar e auxiliar os educadores (as) de beb\u00eas e crian\u00e7as bem pequenas.<\/p>\n","protected":false},"featured_media":19893,"template":"","meta":{"_monsterinsights_skip_tracking":false,"_monsterinsights_sitenote_active":false,"_monsterinsights_sitenote_note":"","_monsterinsights_sitenote_category":0},"product_brand":[],"product_cat":[15],"product_tag":[],"class_list":{"0":"post-19892","1":"product","2":"type-product","3":"status-publish","4":"has-post-thumbnail","6":"product_cat-sem-categoria","7":"product_shipping_class-impresso","9":"first","10":"outofstock","11":"shipping-taxable","12":"purchasable","13":"product-type-simple"},"_links":{"self":[{"href":"https:\/\/www.editoralux.com.br\/loja\/wp-json\/wp\/v2\/product\/19892"}],"collection":[{"href":"https:\/\/www.editoralux.com.br\/loja\/wp-json\/wp\/v2\/product"}],"about":[{"href":"https:\/\/www.editoralux.com.br\/loja\/wp-json\/wp\/v2\/types\/product"}],"wp:featuredmedia":[{"embeddable":true,"href":"https:\/\/www.editoralux.com.br\/loja\/wp-json\/wp\/v2\/media\/19893"}],"wp:attachment":[{"href":"https:\/\/www.editoralux.com.br\/loja\/wp-json\/wp\/v2\/media?parent=19892"}],"wp:term":[{"taxonomy":"product_brand","embeddable":true,"href":"https:\/\/www.editoralux.com.br\/loja\/wp-json\/wp\/v2\/product_brand?post=19892"},{"taxonomy":"product_cat","embeddable":true,"href":"https:\/\/www.editoralux.com.br\/loja\/wp-json\/wp\/v2\/product_cat?post=19892"},{"taxonomy":"product_tag","embeddable":true,"href":"https:\/\/www.editoralux.com.br\/loja\/wp-json\/wp\/v2\/product_tag?post=19892"}],"curies":[{"name":"wp","href":"https:\/\/api.w.org\/{rel}","templated":true}]}}