{"id":19942,"date":"2020-12-29T13:36:58","date_gmt":"2020-12-29T16:36:58","guid":{"rendered":"https:\/\/www.editoralux.com.br\/loja\/?post_type=product&#038;p=19942"},"modified":"2025-09-02T09:04:17","modified_gmt":"2025-09-02T12:04:17","slug":"desenvolvimento-do-produto-nas-linhas-e-entrelinhas","status":"publish","type":"product","link":"https:\/\/www.editoralux.com.br\/loja\/produto\/desenvolvimento-do-produto-nas-linhas-e-entrelinhas\/","title":{"rendered":"Desenvolvimento do Produto &#8211; Nas Linhas e Entrelinhas"},"content":{"rendered":"","protected":false},"excerpt":{"rendered":"<p>Esse livro \u00e9 pra voc\u00ea que est\u00e1 iniciando ou consolidando sua trajet\u00f3ria acad\u00eamica e para profissionais das empresas de Desenvolvimento de qualquer segmento.<br \/>\nMais do que um Guia Pr\u00e1tico, uma abordagem com enfoque em situa\u00e7\u00f5es reais, dicas de comportamento, ferramentas e as melhores pr\u00e1ticas para se tornar um profissional diferenciado no Desenvolvimento de Produtos.<\/p>\n<p>Sobre o autor:<br \/>\nAdriano Machado tem 25 anos de experi\u00eancia com Desenvolvimento de Produtos ao redor do mundo, principalmente no setor automotivo: Brasil, EUA, China, Alemanha, Fran\u00e7a, R\u00fassia, Coreia, Col\u00f4mbia, Argentina e Austr\u00e1lia.<br \/>\nEngenheiro Eletricista, graduado pela FEI, P\u00f3s-Graduado em Propriedade Intelectual pela FGV e tamb\u00e9m em Gest\u00e3o de Projetos pela UFBA, com vasta bagagem internacional, tendo trabalhado e liderado projetos nas maiores montadoras e fornecedores do planeta: Renault, General Motors, Ford, Chery, LADA-AVTOVAZ, Magna Steyr, Visteon, Qoros, DFYL, JAC, JMC, Toyota, Geely, SAIC<\/p>\n","protected":false},"featured_media":19945,"template":"","meta":{"_monsterinsights_skip_tracking":false,"_monsterinsights_sitenote_active":false,"_monsterinsights_sitenote_note":"","_monsterinsights_sitenote_category":0},"product_brand":[],"product_cat":[15],"product_tag":[],"class_list":{"0":"post-19942","1":"product","2":"type-product","3":"status-publish","4":"has-post-thumbnail","6":"product_cat-sem-categoria","7":"product_shipping_class-impresso","9":"first","10":"outofstock","11":"shipping-taxable","12":"purchasable","13":"product-type-simple"},"_links":{"self":[{"href":"https:\/\/www.editoralux.com.br\/loja\/wp-json\/wp\/v2\/product\/19942"}],"collection":[{"href":"https:\/\/www.editoralux.com.br\/loja\/wp-json\/wp\/v2\/product"}],"about":[{"href":"https:\/\/www.editoralux.com.br\/loja\/wp-json\/wp\/v2\/types\/product"}],"wp:featuredmedia":[{"embeddable":true,"href":"https:\/\/www.editoralux.com.br\/loja\/wp-json\/wp\/v2\/media\/19945"}],"wp:attachment":[{"href":"https:\/\/www.editoralux.com.br\/loja\/wp-json\/wp\/v2\/media?parent=19942"}],"wp:term":[{"taxonomy":"product_brand","embeddable":true,"href":"https:\/\/www.editoralux.com.br\/loja\/wp-json\/wp\/v2\/product_brand?post=19942"},{"taxonomy":"product_cat","embeddable":true,"href":"https:\/\/www.editoralux.com.br\/loja\/wp-json\/wp\/v2\/product_cat?post=19942"},{"taxonomy":"product_tag","embeddable":true,"href":"https:\/\/www.editoralux.com.br\/loja\/wp-json\/wp\/v2\/product_tag?post=19942"}],"curies":[{"name":"wp","href":"https:\/\/api.w.org\/{rel}","templated":true}]}}