{"id":20030,"date":"2021-03-12T11:56:27","date_gmt":"2021-03-12T14:56:27","guid":{"rendered":"https:\/\/www.editoralux.com.br\/loja\/?post_type=product&#038;p=20030"},"modified":"2025-12-24T08:45:04","modified_gmt":"2025-12-24T11:45:04","slug":"manutencao-autonoma-quando-os-operadores-fazem-a-diferenca","status":"publish","type":"product","link":"https:\/\/www.editoralux.com.br\/loja\/produto\/manutencao-autonoma-quando-os-operadores-fazem-a-diferenca\/","title":{"rendered":"Manuten\u00e7\u00e3o Aut\u00f4noma &#8211; Quando os operadores fazem a diferen\u00e7a"},"content":{"rendered":"","protected":false},"excerpt":{"rendered":"<p>Mais do que mostrar as t\u00e9cnicas e o m\u00e9todo para implementar o modelo de gest\u00e3o denominado Manuten\u00e7\u00e3o Aut\u00f4noma, este livro tem o prop\u00f3sito de derrubar alguns tabus e esclarecer os pap\u00e9is e responsabilidades de todos os integrantes da cadeia de comando da empresa na obten\u00e7\u00e3o dos resultados almejados com a implementa\u00e7\u00e3o.<br \/>\nOs conhecimentos expostos s\u00e3o fundamentados na experi\u00eancia de trabalhos desenvolvidos pelo autor em muitas das melhoras empresas nacionais e multinacionais, n\u00e3o s\u00f3 em ambientes favor\u00e1veis, mas tamb\u00e9m superando barreiras de atitudes e limita\u00e7\u00f5es de tempo.<br \/>\nAs pessoas da linha de frente que realmente est\u00e3o agregando valor aos produtos e\/ou servi\u00e7os esperam que as empresas e os gestores sejam capazes de oferecer as diretrizes e os meios para realizarem seus trabalhos com seguran\u00e7a e responsabilidade, proporcionando oportunidades de desenvolvimento e satisfa\u00e7\u00e3o. O leitor encontrar\u00e1 nesta obra um excelente guia para enfrentar os desafios de implementar uma mudan\u00e7a n\u00e3o s\u00f3 das rotinas operacionais, mas tamb\u00e9m fundamentalmente da cultura de gest\u00e3o.<\/p>\n","protected":false},"featured_media":20028,"template":"","meta":{"_monsterinsights_skip_tracking":false,"_monsterinsights_sitenote_active":false,"_monsterinsights_sitenote_note":"","_monsterinsights_sitenote_category":0},"product_brand":[],"product_cat":[15],"product_tag":[],"class_list":{"0":"post-20030","1":"product","2":"type-product","3":"status-publish","4":"has-post-thumbnail","6":"product_cat-sem-categoria","7":"product_shipping_class-impresso","9":"first","10":"outofstock","11":"shipping-taxable","12":"purchasable","13":"product-type-simple"},"_links":{"self":[{"href":"https:\/\/www.editoralux.com.br\/loja\/wp-json\/wp\/v2\/product\/20030"}],"collection":[{"href":"https:\/\/www.editoralux.com.br\/loja\/wp-json\/wp\/v2\/product"}],"about":[{"href":"https:\/\/www.editoralux.com.br\/loja\/wp-json\/wp\/v2\/types\/product"}],"wp:featuredmedia":[{"embeddable":true,"href":"https:\/\/www.editoralux.com.br\/loja\/wp-json\/wp\/v2\/media\/20028"}],"wp:attachment":[{"href":"https:\/\/www.editoralux.com.br\/loja\/wp-json\/wp\/v2\/media?parent=20030"}],"wp:term":[{"taxonomy":"product_brand","embeddable":true,"href":"https:\/\/www.editoralux.com.br\/loja\/wp-json\/wp\/v2\/product_brand?post=20030"},{"taxonomy":"product_cat","embeddable":true,"href":"https:\/\/www.editoralux.com.br\/loja\/wp-json\/wp\/v2\/product_cat?post=20030"},{"taxonomy":"product_tag","embeddable":true,"href":"https:\/\/www.editoralux.com.br\/loja\/wp-json\/wp\/v2\/product_tag?post=20030"}],"curies":[{"name":"wp","href":"https:\/\/api.w.org\/{rel}","templated":true}]}}