{"id":20100,"date":"2021-05-14T18:57:39","date_gmt":"2021-05-14T21:57:39","guid":{"rendered":"https:\/\/www.editoralux.com.br\/loja\/?post_type=product&#038;p=20100"},"modified":"2023-11-09T15:04:08","modified_gmt":"2023-11-09T18:04:08","slug":"bartira","status":"publish","type":"product","link":"https:\/\/www.editoralux.com.br\/loja\/produto\/bartira\/","title":{"rendered":"BARTIRA"},"content":{"rendered":"","protected":false},"excerpt":{"rendered":"<p>Como a realidade \u00e9 do mundo, Impacto Profundo: em busca da verdade \u00e9 a manifesta\u00e7\u00e3o pura e simples de uma investiga\u00e7\u00e3o para habilitar a hist\u00f3ria, e, ainda que seja fic\u00e7\u00e3o, habilita, porque a autora coloca diante de si o mundo em sua independ\u00eancia negacionista em confronto com a Verdade, esta que tem sua morada no interior de cada ser humano e, a partir do seu conhecimento pr\u00e9vio, edita uma carta de alforria \u00e0 sua pr\u00f3pria vida, brada, grita ao mundo que sua realidade \u00e9 cruel, que os f\u00f3runs precisam abrir suas portas e chamar de fora para seus interiores os clamores de todas as vozes a favor da inoc\u00eancia, todos os cuidados em favor da fam\u00edlia, pois a viol\u00eancia dom\u00e9stica toma rumos irrepar\u00e1veis e os caminhos se tornam obscuros a todos os andantes.<\/p>\n","protected":false},"featured_media":20101,"template":"","meta":{"_monsterinsights_skip_tracking":false,"_monsterinsights_sitenote_active":false,"_monsterinsights_sitenote_note":"","_monsterinsights_sitenote_category":0},"product_brand":[],"product_cat":[15],"product_tag":[],"class_list":{"0":"post-20100","1":"product","2":"type-product","3":"status-publish","4":"has-post-thumbnail","6":"product_cat-sem-categoria","7":"product_shipping_class-impresso","9":"first","10":"outofstock","11":"shipping-taxable","12":"purchasable","13":"product-type-simple"},"_links":{"self":[{"href":"https:\/\/www.editoralux.com.br\/loja\/wp-json\/wp\/v2\/product\/20100"}],"collection":[{"href":"https:\/\/www.editoralux.com.br\/loja\/wp-json\/wp\/v2\/product"}],"about":[{"href":"https:\/\/www.editoralux.com.br\/loja\/wp-json\/wp\/v2\/types\/product"}],"wp:featuredmedia":[{"embeddable":true,"href":"https:\/\/www.editoralux.com.br\/loja\/wp-json\/wp\/v2\/media\/20101"}],"wp:attachment":[{"href":"https:\/\/www.editoralux.com.br\/loja\/wp-json\/wp\/v2\/media?parent=20100"}],"wp:term":[{"taxonomy":"product_brand","embeddable":true,"href":"https:\/\/www.editoralux.com.br\/loja\/wp-json\/wp\/v2\/product_brand?post=20100"},{"taxonomy":"product_cat","embeddable":true,"href":"https:\/\/www.editoralux.com.br\/loja\/wp-json\/wp\/v2\/product_cat?post=20100"},{"taxonomy":"product_tag","embeddable":true,"href":"https:\/\/www.editoralux.com.br\/loja\/wp-json\/wp\/v2\/product_tag?post=20100"}],"curies":[{"name":"wp","href":"https:\/\/api.w.org\/{rel}","templated":true}]}}