{"id":20203,"date":"2021-08-24T20:08:12","date_gmt":"2021-08-24T23:08:12","guid":{"rendered":"https:\/\/www.editoralux.com.br\/loja\/?post_type=product&#038;p=20203"},"modified":"2026-02-23T09:08:31","modified_gmt":"2026-02-23T12:08:31","slug":"prepare-se-para-ter-sucesso","status":"publish","type":"product","link":"https:\/\/www.editoralux.com.br\/loja\/produto\/prepare-se-para-ter-sucesso\/","title":{"rendered":"Prepare-Se Para Ter Sucesso"},"content":{"rendered":"","protected":false},"excerpt":{"rendered":"<p>O objetivo deste livro \u00e9 oferecer a voc\u00ea o primeiro impulso para o sucesso, inspirar a sonhar, tra\u00e7ar objetivos e metas, al\u00e9m de trabalhar com estrat\u00e9gias para realiz\u00e1-los. Durante a minha trajet\u00f3ria, tamb\u00e9m fui impulsionado por um livro, uma palestra, um treinamento, pessoas especiais que, de alguma forma, contribu\u00edram com a minha busca pelo sucesso. Sou muito grato a essas pessoas e honro suas hist\u00f3rias. Ao decidir escrever este livro, quis deixar, tamb\u00e9m, um pouco da minha hist\u00f3ria para contribuir com a vida de algu\u00e9m. Assim como fui impulsionado e inspirado por aquelas pessoas, quem sabe, n\u00e3o possa inspirar algu\u00e9m a tamb\u00e9m decidir inspirar outros. \u00c9 assim que come\u00e7a uma corrente do bem. O sonho \u00e9 o princ\u00edpio de tudo. \u00c9 l\u00e1 onde tudo come\u00e7a, na mente! \u00c9 preciso ousar, ter a coragem de sonhar, de fazer acontecer, de ir al\u00e9m. Basta uma atitude e o rumo da sua vida poder\u00e1 mudar!<\/p>\n<p>Ivan Souza<\/p>\n","protected":false},"featured_media":20205,"template":"","meta":{"_monsterinsights_skip_tracking":false,"_monsterinsights_sitenote_active":false,"_monsterinsights_sitenote_note":"","_monsterinsights_sitenote_category":0},"product_brand":[],"product_cat":[15],"product_tag":[],"class_list":{"0":"post-20203","1":"product","2":"type-product","3":"status-publish","4":"has-post-thumbnail","6":"product_cat-sem-categoria","7":"product_shipping_class-impresso","9":"first","10":"outofstock","11":"shipping-taxable","12":"purchasable","13":"product-type-simple"},"_links":{"self":[{"href":"https:\/\/www.editoralux.com.br\/loja\/wp-json\/wp\/v2\/product\/20203"}],"collection":[{"href":"https:\/\/www.editoralux.com.br\/loja\/wp-json\/wp\/v2\/product"}],"about":[{"href":"https:\/\/www.editoralux.com.br\/loja\/wp-json\/wp\/v2\/types\/product"}],"wp:featuredmedia":[{"embeddable":true,"href":"https:\/\/www.editoralux.com.br\/loja\/wp-json\/wp\/v2\/media\/20205"}],"wp:attachment":[{"href":"https:\/\/www.editoralux.com.br\/loja\/wp-json\/wp\/v2\/media?parent=20203"}],"wp:term":[{"taxonomy":"product_brand","embeddable":true,"href":"https:\/\/www.editoralux.com.br\/loja\/wp-json\/wp\/v2\/product_brand?post=20203"},{"taxonomy":"product_cat","embeddable":true,"href":"https:\/\/www.editoralux.com.br\/loja\/wp-json\/wp\/v2\/product_cat?post=20203"},{"taxonomy":"product_tag","embeddable":true,"href":"https:\/\/www.editoralux.com.br\/loja\/wp-json\/wp\/v2\/product_tag?post=20203"}],"curies":[{"name":"wp","href":"https:\/\/api.w.org\/{rel}","templated":true}]}}