{"id":20206,"date":"2021-08-25T19:53:50","date_gmt":"2021-08-25T22:53:50","guid":{"rendered":"https:\/\/www.editoralux.com.br\/loja\/?post_type=product&#038;p=20206"},"modified":"2025-12-24T08:55:18","modified_gmt":"2025-12-24T11:55:18","slug":"anota-essa","status":"publish","type":"product","link":"https:\/\/www.editoralux.com.br\/loja\/produto\/anota-essa\/","title":{"rendered":"# Anota Essa!"},"content":{"rendered":"","protected":false},"excerpt":{"rendered":"<p>As frases contidas neste livro s\u00e3o ESPETACULARES, reveladas por Deus, ao meu cora\u00e7\u00e3o, porque tratam de SITUA\u00c7\u00d5ES vivenciadas por todos n\u00f3s diariamente e constantemente! Falam sobre comportamentos diversos, coisas que acontecem ou v\u00eam acontecendo com todos n\u00f3s, palavras boas \u201caben\u00e7oadoras\u201d, palavras ruins, contr\u00e1rias, declara\u00e7\u00f5es positivas, negativas, agita\u00e7\u00f5es, alegrias, ira, raiva, rancor, louvor, adora\u00e7\u00e3o etc.<br \/>\nO livro trata de muitas situa\u00e7\u00f5es que mexem com o nosso comportamento, tanto no lado positivo, quanto no lado negativo, e \u00e9 muito triste dizer isso, porque INFELIZMENTE, muitas vezes, mudamos de comportamento, E tomamos a\u00e7\u00f5es inesperadas, creio que tudo isso acontece devido \u00e0s constantes batalhas, problemas e situa\u00e7\u00f5es \u00e0 nossa volta e isso com certeza n\u00e3o \u00e9 bom.<br \/>\nEnfim esse livro traz revela\u00e7\u00f5es PROFUNDAS e ESPECIAIS, sobre todas as \u00e1reas da nossa vida: Espiritual, Familiar, Financeira, Conjugal, Sa\u00fade, Ministerial, Profissional, Empresarial e Sentimental, precisamos entender que destas (9 \u00e1reas citadas), surgem todas diversidades de situa\u00e7\u00f5es a nossa volta, detalhe todas essas frases praticamente se encaixam em nosso dia a dia, e muitas vezes n\u00e3o entendemos o peso delas e seus resultados!<\/p>\n","protected":false},"featured_media":20207,"template":"","meta":{"_monsterinsights_skip_tracking":false,"_monsterinsights_sitenote_active":false,"_monsterinsights_sitenote_note":"","_monsterinsights_sitenote_category":0},"product_brand":[],"product_cat":[15],"product_tag":[],"class_list":{"0":"post-20206","1":"product","2":"type-product","3":"status-publish","4":"has-post-thumbnail","6":"product_cat-sem-categoria","7":"product_shipping_class-impresso","9":"first","10":"outofstock","11":"shipping-taxable","12":"purchasable","13":"product-type-simple"},"_links":{"self":[{"href":"https:\/\/www.editoralux.com.br\/loja\/wp-json\/wp\/v2\/product\/20206"}],"collection":[{"href":"https:\/\/www.editoralux.com.br\/loja\/wp-json\/wp\/v2\/product"}],"about":[{"href":"https:\/\/www.editoralux.com.br\/loja\/wp-json\/wp\/v2\/types\/product"}],"wp:featuredmedia":[{"embeddable":true,"href":"https:\/\/www.editoralux.com.br\/loja\/wp-json\/wp\/v2\/media\/20207"}],"wp:attachment":[{"href":"https:\/\/www.editoralux.com.br\/loja\/wp-json\/wp\/v2\/media?parent=20206"}],"wp:term":[{"taxonomy":"product_brand","embeddable":true,"href":"https:\/\/www.editoralux.com.br\/loja\/wp-json\/wp\/v2\/product_brand?post=20206"},{"taxonomy":"product_cat","embeddable":true,"href":"https:\/\/www.editoralux.com.br\/loja\/wp-json\/wp\/v2\/product_cat?post=20206"},{"taxonomy":"product_tag","embeddable":true,"href":"https:\/\/www.editoralux.com.br\/loja\/wp-json\/wp\/v2\/product_tag?post=20206"}],"curies":[{"name":"wp","href":"https:\/\/api.w.org\/{rel}","templated":true}]}}