{"id":20347,"date":"2021-10-21T23:31:06","date_gmt":"2021-10-22T02:31:06","guid":{"rendered":"https:\/\/www.editoralux.com.br\/loja\/?post_type=product&#038;p=20347"},"modified":"2023-07-01T11:28:06","modified_gmt":"2023-07-01T14:28:06","slug":"radiologia-diagnostico-para-graduacao","status":"publish","type":"product","link":"https:\/\/www.editoralux.com.br\/loja\/produto\/radiologia-diagnostico-para-graduacao\/","title":{"rendered":"Radiologia &#038; Diagn\u00f3stico para Gradua\u00e7\u00e3o"},"content":{"rendered":"","protected":false},"excerpt":{"rendered":"<p>Desenvolvido a partir de um desejo em ter uma obra palp\u00e1vel na \u00e1rea de Radiologia para acad\u00eamicos e residentes, o livro em quest\u00e3o torna o sonho em realidade. Escrito por estudantes, atrav\u00e9s da ideia do professor Emerson Claudino, apresenta uma linguagem direta, com imagens e um texto agrad\u00e1vel de f\u00e1cil entendimento.<\/p>\n<p>&nbsp;<\/p>\n<p>Emerson Lopes Claudino<\/p>\n<p>M\u00e9dico formado pela FCM\/PB<\/p>\n<p>Resid\u00eancia m\u00e9dica pelo IMIP\/PE<\/p>\n<p>Professor da UNIFIP\/PB<\/p>\n<p>&nbsp;<\/p>\n<p>Raphael Xenofonte<\/p>\n<p>M\u00e9dico formado pela UFPI<\/p>\n<p>Resid\u00eancia m\u00e9dica pelo IMIP\/PE<\/p>\n<p>P\u00f3s-gradua\u00e7\u00e3o em RM pelo CEDIRP\/SP<\/p>\n","protected":false},"featured_media":20349,"template":"","meta":{"_monsterinsights_skip_tracking":false,"_monsterinsights_sitenote_active":false,"_monsterinsights_sitenote_note":"","_monsterinsights_sitenote_category":0},"product_brand":[],"product_cat":[15],"product_tag":[],"class_list":{"0":"post-20347","1":"product","2":"type-product","3":"status-publish","4":"has-post-thumbnail","6":"product_cat-sem-categoria","7":"product_shipping_class-impresso","9":"first","10":"instock","11":"shipping-taxable","12":"purchasable","13":"product-type-simple"},"_links":{"self":[{"href":"https:\/\/www.editoralux.com.br\/loja\/wp-json\/wp\/v2\/product\/20347"}],"collection":[{"href":"https:\/\/www.editoralux.com.br\/loja\/wp-json\/wp\/v2\/product"}],"about":[{"href":"https:\/\/www.editoralux.com.br\/loja\/wp-json\/wp\/v2\/types\/product"}],"wp:featuredmedia":[{"embeddable":true,"href":"https:\/\/www.editoralux.com.br\/loja\/wp-json\/wp\/v2\/media\/20349"}],"wp:attachment":[{"href":"https:\/\/www.editoralux.com.br\/loja\/wp-json\/wp\/v2\/media?parent=20347"}],"wp:term":[{"taxonomy":"product_brand","embeddable":true,"href":"https:\/\/www.editoralux.com.br\/loja\/wp-json\/wp\/v2\/product_brand?post=20347"},{"taxonomy":"product_cat","embeddable":true,"href":"https:\/\/www.editoralux.com.br\/loja\/wp-json\/wp\/v2\/product_cat?post=20347"},{"taxonomy":"product_tag","embeddable":true,"href":"https:\/\/www.editoralux.com.br\/loja\/wp-json\/wp\/v2\/product_tag?post=20347"}],"curies":[{"name":"wp","href":"https:\/\/api.w.org\/{rel}","templated":true}]}}