{"id":20358,"date":"2021-11-06T21:27:51","date_gmt":"2021-11-07T00:27:51","guid":{"rendered":"https:\/\/www.editoralux.com.br\/loja\/?post_type=product&#038;p=20358"},"modified":"2026-02-23T09:10:26","modified_gmt":"2026-02-23T12:10:26","slug":"o-destino-dos-estados-brasileiros-lideranca-responsabilidade-fiscal-e-politicas-publicas","status":"publish","type":"product","link":"https:\/\/www.editoralux.com.br\/loja\/produto\/o-destino-dos-estados-brasileiros-lideranca-responsabilidade-fiscal-e-politicas-publicas\/","title":{"rendered":"O Destino dos Estados Brasileiros &#8211; Lideran\u00e7a, Responsabilidade Fiscal e Pol\u00edticas P\u00fablicas"},"content":{"rendered":"","protected":false},"excerpt":{"rendered":"<p>\u201cO livro consiste em uma valiosa contribui\u00e7\u00e3o para o debate sobre a import\u00e2ncia da responsabilidade fiscal nos estados brasileiros. Analisando a situa\u00e7\u00e3o de doze estados, o volume mostra a necessidade de l\u00edderes comprometidos com a boa gest\u00e3o e com o zelo pelos recursos p\u00fablicos. Somente desta forma \u00e9 poss\u00edvel melhorar as pol\u00edticas p\u00fablicas e, finalmente, as condi\u00e7\u00f5es de vida da popula\u00e7\u00e3o.\u201d<\/p>\n<p>Henrique Meirelles,<\/p>\n<p>ex-ministro da Fazenda e secret\u00e1rio de Fazenda e Planejamento de S\u00e3o Paulo<\/p>\n<p>*<\/p>\n<p>\u201cResponsabilidade fiscal, al\u00e9m de n\u00e3o ter ideologia, tem elevada correla\u00e7\u00e3o positiva com responsabilidade social. De fato, fazer ajuste fiscal nunca ser\u00e1 um fim em si mesmo, mas um meio de se obter margem fiscal para, a\u00ed sim, fazer pol\u00edticas p\u00fablicas para a popula\u00e7\u00e3o. Al\u00e9m disso, o estado n\u00e3o \u00e9 um departamento de RH, isto \u00e9, n\u00e3o existe para se pagar; e o encontro com a realidade, embora n\u00e3o seja simples, \u00e9 necess\u00e1rio, para atender aos anseios de uma sociedade t\u00e3o cheia de injusti\u00e7as e desigualdade, como a brasileira. Ainda bem, contudo, que existem bons exemplos a serem observados neste imenso Brasil, o que reacende no cora\u00e7\u00e3o de cada cidad\u00e3o uma indescrit\u00edvel esperan\u00e7a.<\/p>\n<p>Este \u00e9 um livro de fundamentais reflex\u00f5es de distintos entes federativos sobre: as diferentes mazelas or\u00e7ament\u00e1rias estaduais, as formas de equacionamento de complicados desequil\u00edbrios fiscais estruturais, as maneiras de se preservar a sa\u00fade financeira no longo prazo e o modo como a margem fiscal afeta o n\u00edvel de investimentos p\u00fablicos. Indiscutivelmente, o governante que gosta do povo, sabe que ter equil\u00edbrio fiscal \u00e9 essencial.\u201d<\/p>\n<p>Cristiane Schmidt,<\/p>\n<p>secret\u00e1ria de Economia de Goi\u00e1s<\/p>\n<p>*<\/p>\n<p>\u201cCom uma linguagem f\u00e1cil e usando casos concretos da gest\u00e3o fiscal dos estados brasileiros, os organizadores conseguiram trazer para o debate p\u00fablico as pol\u00edticas e decis\u00f5es que deram e n\u00e3o deram certo, evidenciando as consequ\u00eancias positivas e negativas para a popula\u00e7\u00e3o. Um legado para todos que militam na \u00e1rea p\u00fablica e os que sonham com um Brasil melhor.\u201d<\/p>\n<p>George Santoro,<\/p>\n<p>secret\u00e1rio da Fazenda de Alagoas<\/p>\n","protected":false},"featured_media":20367,"template":"","meta":{"_monsterinsights_skip_tracking":false,"_monsterinsights_sitenote_active":false,"_monsterinsights_sitenote_note":"","_monsterinsights_sitenote_category":0},"product_brand":[],"product_cat":[15],"product_tag":[],"class_list":{"0":"post-20358","1":"product","2":"type-product","3":"status-publish","4":"has-post-thumbnail","6":"product_cat-sem-categoria","7":"product_shipping_class-impresso","9":"first","10":"instock","11":"shipping-taxable","12":"purchasable","13":"product-type-simple"},"_links":{"self":[{"href":"https:\/\/www.editoralux.com.br\/loja\/wp-json\/wp\/v2\/product\/20358"}],"collection":[{"href":"https:\/\/www.editoralux.com.br\/loja\/wp-json\/wp\/v2\/product"}],"about":[{"href":"https:\/\/www.editoralux.com.br\/loja\/wp-json\/wp\/v2\/types\/product"}],"wp:featuredmedia":[{"embeddable":true,"href":"https:\/\/www.editoralux.com.br\/loja\/wp-json\/wp\/v2\/media\/20367"}],"wp:attachment":[{"href":"https:\/\/www.editoralux.com.br\/loja\/wp-json\/wp\/v2\/media?parent=20358"}],"wp:term":[{"taxonomy":"product_brand","embeddable":true,"href":"https:\/\/www.editoralux.com.br\/loja\/wp-json\/wp\/v2\/product_brand?post=20358"},{"taxonomy":"product_cat","embeddable":true,"href":"https:\/\/www.editoralux.com.br\/loja\/wp-json\/wp\/v2\/product_cat?post=20358"},{"taxonomy":"product_tag","embeddable":true,"href":"https:\/\/www.editoralux.com.br\/loja\/wp-json\/wp\/v2\/product_tag?post=20358"}],"curies":[{"name":"wp","href":"https:\/\/api.w.org\/{rel}","templated":true}]}}