{"id":20464,"date":"2021-12-13T19:56:22","date_gmt":"2021-12-13T22:56:22","guid":{"rendered":"https:\/\/www.editoralux.com.br\/loja\/?post_type=product&#038;p=20464"},"modified":"2025-12-30T15:06:44","modified_gmt":"2025-12-30T18:06:44","slug":"caminhos-me-levam","status":"publish","type":"product","link":"https:\/\/www.editoralux.com.br\/loja\/produto\/caminhos-me-levam\/","title":{"rendered":"Caminhos me levam"},"content":{"rendered":"","protected":false},"excerpt":{"rendered":"<p>Ler cada palavra do poeta Gerson Camargo \u00e9 estar viajando por um mundo fant\u00e1stico e lugares que atingem toda nossa emo\u00e7\u00e3o. Cada letra \u00e9 um ponto de parada para nos alertar sobre a beleza das palavras que formam sua instigante poesia. Alex Fraga \u2013 jornalista, compositor e poeta.<\/p>\n","protected":false},"featured_media":20466,"template":"","meta":{"_monsterinsights_skip_tracking":false,"_monsterinsights_sitenote_active":false,"_monsterinsights_sitenote_note":"","_monsterinsights_sitenote_category":0},"product_brand":[],"product_cat":[74],"product_tag":[],"class_list":{"0":"post-20464","1":"product","2":"type-product","3":"status-publish","4":"has-post-thumbnail","6":"product_cat-uncategorized","7":"product_shipping_class-impresso","8":"pa_ano-93","9":"pa_autor-maria-reis-alencar","10":"pa_editora-editora-lux","11":"pa_isbn-127","12":"pa_tipo-de-capa-brochura","14":"first","15":"outofstock","16":"purchasable","17":"product-type-simple"},"_links":{"self":[{"href":"https:\/\/www.editoralux.com.br\/loja\/wp-json\/wp\/v2\/product\/20464"}],"collection":[{"href":"https:\/\/www.editoralux.com.br\/loja\/wp-json\/wp\/v2\/product"}],"about":[{"href":"https:\/\/www.editoralux.com.br\/loja\/wp-json\/wp\/v2\/types\/product"}],"wp:featuredmedia":[{"embeddable":true,"href":"https:\/\/www.editoralux.com.br\/loja\/wp-json\/wp\/v2\/media\/20466"}],"wp:attachment":[{"href":"https:\/\/www.editoralux.com.br\/loja\/wp-json\/wp\/v2\/media?parent=20464"}],"wp:term":[{"taxonomy":"product_brand","embeddable":true,"href":"https:\/\/www.editoralux.com.br\/loja\/wp-json\/wp\/v2\/product_brand?post=20464"},{"taxonomy":"product_cat","embeddable":true,"href":"https:\/\/www.editoralux.com.br\/loja\/wp-json\/wp\/v2\/product_cat?post=20464"},{"taxonomy":"product_tag","embeddable":true,"href":"https:\/\/www.editoralux.com.br\/loja\/wp-json\/wp\/v2\/product_tag?post=20464"}],"curies":[{"name":"wp","href":"https:\/\/api.w.org\/{rel}","templated":true}]}}