{"id":20530,"date":"2022-01-14T20:34:14","date_gmt":"2022-01-14T23:34:14","guid":{"rendered":"https:\/\/www.editoralux.com.br\/loja\/?post_type=product&#038;p=20530"},"modified":"2026-01-06T15:28:13","modified_gmt":"2026-01-06T18:28:13","slug":"relatos-de-uma-paixao-em-vermelho-e-preto","status":"publish","type":"product","link":"https:\/\/www.editoralux.com.br\/loja\/produto\/relatos-de-uma-paixao-em-vermelho-e-preto\/","title":{"rendered":"Relatos de uma Paix\u00e3o em Vermelho e Preto"},"content":{"rendered":"","protected":false},"excerpt":{"rendered":"<p>\u201cSem suportar a tens\u00e3o do jogo, danei a chorar\u201d.<br \/>\n\u201cE o urubu, com a bandeira solid\u00e1ria aos p\u00e9s, completou o voo triunfal ao redor do anel do Maracan\u00e3\u201d.<br \/>\n\u201cUm \u00eaxtase total, algo \u00fanico, especial, uma situa\u00e7\u00e3o que nunca mais vivenciei\u201d.<br \/>\n\u201cE a\u00ed, passamos o jogo urrando e empurrando o nosso esquadr\u00e3o, como se fosse a volta do rolo compressor\u201d.<br \/>\n\u201cliguei o r\u00e1dio. N\u00e3o tocou Jacob. Nem sinal de chorinho. O ritmo antigo e ultrapassado. Na TV, jogadores alvinegros chorando. Um vesti\u00e1rio em prantos. Foi-se o chorinho, mas permaneceram os chor\u00f5es\u201d.<br \/>\n\u201cDeixa comigo, porque se todo domingo \u00e9 dia de futebol, aquele seria nosso\u201d.<br \/>\n\u201cAquela gente n\u00e3o parava de cantar, numa incr\u00edvel anima\u00e7\u00e3o, irresist\u00edvel. A escolha de minha alma de torcedor estava feita\u201d.<br \/>\n\u201cUm grito, uma paix\u00e3o enlouquecedora, que nos faz esquecer, nem que seja por instantes, da cidade partida e desigual\u201d.<br \/>\n\u201cO Flamengo \u00e9 como o ar, como o oxig\u00eanio que respiramos. Sem ele n\u00e3o seria poss\u00edvel viver\u201d.<br \/>\n\u201cGra\u00e7as a meu pai, sou Flamengo e gra\u00e7as ao Flamengo tenho as melhores lembran\u00e7as de meu pai e as revivo agora com meus filhos\u201d.<br \/>\n\u201cForam longos minutos de insanidade e loucura\u201d.<br \/>\n\u201cNa disputa de penalidades, penalizada me sentia eu, com requintes de tortura. O sofrimento da expectativa beirava o insuport\u00e1vel. Meus olhos cegos \u00e0s cobran\u00e7as miravam fixamente o anel iluminado em vermelho e preto, conectados ao poder do Santo das Causas Imposs\u00edveis\u201d.<\/p>\n","protected":false},"featured_media":20531,"template":"","meta":{"_monsterinsights_skip_tracking":false,"_monsterinsights_sitenote_active":false,"_monsterinsights_sitenote_note":"","_monsterinsights_sitenote_category":0},"product_brand":[],"product_cat":[74],"product_tag":[],"class_list":{"0":"post-20530","1":"product","2":"type-product","3":"status-publish","4":"has-post-thumbnail","6":"product_cat-uncategorized","7":"product_shipping_class-impresso","8":"pa_ano-135","9":"pa_autor-oswaldo-fonseca-e-rosana-lomba-organizadores","10":"pa_editora-editora-lux","11":"pa_isbn-162","12":"pa_tipo-de-capa-brochura","14":"first","15":"outofstock","16":"purchasable","17":"product-type-simple"},"_links":{"self":[{"href":"https:\/\/www.editoralux.com.br\/loja\/wp-json\/wp\/v2\/product\/20530"}],"collection":[{"href":"https:\/\/www.editoralux.com.br\/loja\/wp-json\/wp\/v2\/product"}],"about":[{"href":"https:\/\/www.editoralux.com.br\/loja\/wp-json\/wp\/v2\/types\/product"}],"wp:featuredmedia":[{"embeddable":true,"href":"https:\/\/www.editoralux.com.br\/loja\/wp-json\/wp\/v2\/media\/20531"}],"wp:attachment":[{"href":"https:\/\/www.editoralux.com.br\/loja\/wp-json\/wp\/v2\/media?parent=20530"}],"wp:term":[{"taxonomy":"product_brand","embeddable":true,"href":"https:\/\/www.editoralux.com.br\/loja\/wp-json\/wp\/v2\/product_brand?post=20530"},{"taxonomy":"product_cat","embeddable":true,"href":"https:\/\/www.editoralux.com.br\/loja\/wp-json\/wp\/v2\/product_cat?post=20530"},{"taxonomy":"product_tag","embeddable":true,"href":"https:\/\/www.editoralux.com.br\/loja\/wp-json\/wp\/v2\/product_tag?post=20530"}],"curies":[{"name":"wp","href":"https:\/\/api.w.org\/{rel}","templated":true}]}}

Relatos de uma Paixão em Vermelho e Preto

<p>“Sem suportar a tensão do jogo, danei a chorar”.<br />
“E o urubu, com a bandeira solidária aos pés, completou o voo triunfal ao redor do anel do Maracanã”.<br />
“Um êxtase total, algo único, especial, uma situação que nunca mais vivenciei”.<br />
“E aí, passamos o jogo urrando e empurrando o nosso esquadrão, como se fosse a volta do rolo compressor”.<br />
“liguei o rádio. Não tocou Jacob. Nem sinal de chorinho. O ritmo antigo e ultrapassado. Na TV, jogadores alvinegros chorando. Um vestiário em prantos. Foi-se o chorinho, mas permaneceram os chorões”.<br />
“Deixa comigo, porque se todo domingo é dia de futebol, aquele seria nosso”.<br />
“Aquela gente não parava de cantar, numa incrível animação, irresistível. A escolha de minha alma de torcedor estava feita”.<br />
“Um grito, uma paixão enlouquecedora, que nos faz esquecer, nem que seja por instantes, da cidade partida e desigual”.<br />
“O Flamengo é como o ar, como o oxigênio que respiramos. Sem ele não seria possível viver”.<br />
“Graças a meu pai, sou Flamengo e graças ao Flamengo tenho as melhores lembranças de meu pai e as revivo agora com meus filhos”.<br />
“Foram longos minutos de insanidade e loucura”.<br />
“Na disputa de penalidades, penalizada me sentia eu, com requintes de tortura. O sofrimento da expectativa beirava o insuportável. Meus olhos cegos às cobranças miravam fixamente o anel iluminado em vermelho e preto, conectados ao poder do Santo das Causas Impossíveis”.</p>
