{"id":20675,"date":"2022-03-09T22:13:38","date_gmt":"2022-03-10T01:13:38","guid":{"rendered":"https:\/\/www.editoralux.com.br\/loja\/?post_type=product&#038;p=20675"},"modified":"2022-03-09T22:16:45","modified_gmt":"2022-03-10T01:16:45","slug":"os-7-passos-para-o-sucesso-financeiro","status":"publish","type":"product","link":"https:\/\/www.editoralux.com.br\/loja\/produto\/os-7-passos-para-o-sucesso-financeiro\/","title":{"rendered":"Os 7 Passos para o sucesso financeiro"},"content":{"rendered":"","protected":false},"excerpt":{"rendered":"<p>Caro leitor, observe que muitas pessoas tentam de tudo para vencer e se destacar na vida, por\u00e9m n\u00e3o conseguem. Ficam muitas vezes estagnadas sem rea\u00e7\u00e3o alguma e coragem de lutar. Nesse livro, voc\u00ea encontrar\u00e1 vis\u00e3o de como obter sucesso financeiro sem se desesperar, e principalmente fazendo da maneira honesta e obedecendo ao Criador.<br \/>\nDeus sempre quer o melhor e ainda ver todos se dando muito bem em suas vidas. Por\u00e9m, se n\u00e3o tivermos uma instru\u00e7\u00e3o certa para nos orientar, acabamos nos perdendo com ansiedade de vencer, ou at\u00e9 mesmo des\u00e2nimo por n\u00e3o ver acontecer na hora em que queremos.<br \/>\n\u00c9 importante seguir passo a passo a leitura desse livro e colocar em pr\u00e1tica tudo o que lermos. Observe os detalhes para que possa tomar a dire\u00e7\u00e3o certa.<br \/>\nDeus o fez para ser um vencedor, e voc\u00ea ser\u00e1.Siga todas as orienta\u00e7\u00f5es e sempre busque e pe\u00e7a a Deus que lhe d\u00ea sabedoria e for\u00e7a para vencer, com sa\u00fade e paz.Espero que esse livro o ajude muito em sua vida econ\u00f4mica.<\/p>\n<div class=\"yj6qo\"><\/div>\n","protected":false},"featured_media":20677,"template":"","meta":{"_monsterinsights_skip_tracking":false,"_monsterinsights_sitenote_active":false,"_monsterinsights_sitenote_note":"","_monsterinsights_sitenote_category":0},"product_brand":[],"product_cat":[74],"product_tag":[],"class_list":{"0":"post-20675","1":"product","2":"type-product","3":"status-publish","4":"has-post-thumbnail","6":"product_cat-uncategorized","7":"product_shipping_class-impresso","8":"pa_ano-135","9":"pa_autor-odair-jose-silva","10":"pa_editora-editora-lux","11":"pa_isbn-978-65-5913-264-5","12":"pa_tipo-de-capa-brochura","14":"first","15":"instock","16":"purchasable","17":"product-type-simple"},"_links":{"self":[{"href":"https:\/\/www.editoralux.com.br\/loja\/wp-json\/wp\/v2\/product\/20675"}],"collection":[{"href":"https:\/\/www.editoralux.com.br\/loja\/wp-json\/wp\/v2\/product"}],"about":[{"href":"https:\/\/www.editoralux.com.br\/loja\/wp-json\/wp\/v2\/types\/product"}],"wp:featuredmedia":[{"embeddable":true,"href":"https:\/\/www.editoralux.com.br\/loja\/wp-json\/wp\/v2\/media\/20677"}],"wp:attachment":[{"href":"https:\/\/www.editoralux.com.br\/loja\/wp-json\/wp\/v2\/media?parent=20675"}],"wp:term":[{"taxonomy":"product_brand","embeddable":true,"href":"https:\/\/www.editoralux.com.br\/loja\/wp-json\/wp\/v2\/product_brand?post=20675"},{"taxonomy":"product_cat","embeddable":true,"href":"https:\/\/www.editoralux.com.br\/loja\/wp-json\/wp\/v2\/product_cat?post=20675"},{"taxonomy":"product_tag","embeddable":true,"href":"https:\/\/www.editoralux.com.br\/loja\/wp-json\/wp\/v2\/product_tag?post=20675"}],"curies":[{"name":"wp","href":"https:\/\/api.w.org\/{rel}","templated":true}]}}