{"id":20699,"date":"2022-04-07T00:42:18","date_gmt":"2022-04-07T03:42:18","guid":{"rendered":"https:\/\/www.editoralux.com.br\/loja\/?post_type=product&#038;p=20699"},"modified":"2026-04-24T15:09:59","modified_gmt":"2026-04-24T18:09:59","slug":"o-livro-de-rute-a-heranca-eterna","status":"publish","type":"product","link":"https:\/\/www.editoralux.com.br\/loja\/produto\/o-livro-de-rute-a-heranca-eterna\/","title":{"rendered":"O Livro de Rute &#8211; A Heran\u00e7a Eterna"},"content":{"rendered":"","protected":false},"excerpt":{"rendered":"<p>Esta obra nasceu do esbo\u00e7o de um serm\u00e3o sobre a hist\u00f3ria de Rute \u00e0 minha comunidade local, e, agora, quero propor a voc\u00ea uma leitura expositiva deste incr\u00edvel livro com base no mesmo esbo\u00e7o.<br \/>\nMeu objetivo \u00e9 abordar os temas a seguir de forma simples e objetiva, e, assim, poder dialogar com voc\u00ea, extraindo do texto o que \u00e9 a boca de Deus e ser fonte de ben\u00e7\u00e3o para instruir, curar e edificar sua vida:<br \/>\n\u2022 Decis\u00f5es em tempos dif\u00edceis.<br \/>\n\u2022 Ofensas.<br \/>\n\u2022 O agir invis\u00edvel de Deus.<br \/>\n\u2022 O poder de um resgate.<br \/>\n\u2022 A heran\u00e7a eterna que o Senhor nos deixou.<br \/>\nO Esp\u00edrito Santo me impeliu a compartilhar esses ensinamentos e oro para que esta pequena obra possa trazer a voc\u00ea liberta\u00e7\u00e3o, bem como liberar o que est\u00e1 retido nas regi\u00f5es espirituais em sua vida e fazer viver o extraordin\u00e1rio de Deus!<br \/>\nAcompanhe comigo a incr\u00edvel jornada de Rute rumo ao desconhecido, receba com carinho esta palavra e navegue comigo sobre essa exposi\u00e7\u00e3o at\u00e9 o final. Creio que o Pai tocar\u00e1 seu cora\u00e7\u00e3o!<\/p>\n","protected":false},"featured_media":20701,"template":"","meta":{"_monsterinsights_skip_tracking":false,"_monsterinsights_sitenote_active":false,"_monsterinsights_sitenote_note":"","_monsterinsights_sitenote_category":0},"product_brand":[],"product_cat":[74],"product_tag":[],"class_list":{"0":"post-20699","1":"product","2":"type-product","3":"status-publish","4":"has-post-thumbnail","6":"product_cat-uncategorized","7":"product_shipping_class-impresso","8":"pa_ano-135","9":"pa_autor-eduardo-souza","10":"pa_editora-editora-lux","11":"pa_isbn-237","12":"pa_tipo-de-capa-brochura","14":"first","15":"instock","16":"purchasable","17":"product-type-simple"},"_links":{"self":[{"href":"https:\/\/www.editoralux.com.br\/loja\/wp-json\/wp\/v2\/product\/20699"}],"collection":[{"href":"https:\/\/www.editoralux.com.br\/loja\/wp-json\/wp\/v2\/product"}],"about":[{"href":"https:\/\/www.editoralux.com.br\/loja\/wp-json\/wp\/v2\/types\/product"}],"wp:featuredmedia":[{"embeddable":true,"href":"https:\/\/www.editoralux.com.br\/loja\/wp-json\/wp\/v2\/media\/20701"}],"wp:attachment":[{"href":"https:\/\/www.editoralux.com.br\/loja\/wp-json\/wp\/v2\/media?parent=20699"}],"wp:term":[{"taxonomy":"product_brand","embeddable":true,"href":"https:\/\/www.editoralux.com.br\/loja\/wp-json\/wp\/v2\/product_brand?post=20699"},{"taxonomy":"product_cat","embeddable":true,"href":"https:\/\/www.editoralux.com.br\/loja\/wp-json\/wp\/v2\/product_cat?post=20699"},{"taxonomy":"product_tag","embeddable":true,"href":"https:\/\/www.editoralux.com.br\/loja\/wp-json\/wp\/v2\/product_tag?post=20699"}],"curies":[{"name":"wp","href":"https:\/\/api.w.org\/{rel}","templated":true}]}}