{"id":20839,"date":"2022-06-05T22:29:29","date_gmt":"2022-06-06T01:29:29","guid":{"rendered":"https:\/\/www.editoralux.com.br\/loja\/?post_type=product&#038;p=20839"},"modified":"2024-11-14T14:17:50","modified_gmt":"2024-11-14T17:17:50","slug":"voce-pode-intubar","status":"publish","type":"product","link":"https:\/\/www.editoralux.com.br\/loja\/produto\/voce-pode-intubar\/","title":{"rendered":"Voc\u00ea Pode Intubar &#8211; Um roteiro, passo a passo, que ir\u00e1 guiar voc\u00ea na intuba\u00e7\u00e3o e gerenciamento da Via A\u00e9rea"},"content":{"rendered":"","protected":false},"excerpt":{"rendered":"<p>Este livro ir\u00e1 fazer com que voc\u00ea perca o medo da intuba\u00e7\u00e3o e o ajudar\u00e1 a manter-se calmo e tranquilo durante o procedimento. Com a sistematiza\u00e7\u00e3o aqui ensinada e com o m\u00ednimo de treinamento pr\u00e1tico, quebraremos o mito da dificuldade do gerenciamento da via a\u00e9rea, desde o posicionamento inicial at\u00e9 a a\u00e7\u00e3o final.<\/p>\n<p>Aprender\u00e1 a correta indu\u00e7\u00e3o anest\u00e9sica, relaxamento muscular, laringoscopia direta, passando por t\u00e9cnicas alternativas at\u00e9 \u00e0s n\u00e3o usuais. Siga o passo a passo e sinta-se mais seguro em seus plant\u00f5es.<\/p>\n","protected":false},"featured_media":20847,"template":"","meta":{"_monsterinsights_skip_tracking":false,"_monsterinsights_sitenote_active":false,"_monsterinsights_sitenote_note":"","_monsterinsights_sitenote_category":0},"product_brand":[],"product_cat":[74],"product_tag":[],"class_list":{"0":"post-20839","1":"product","2":"type-product","3":"status-publish","4":"has-post-thumbnail","6":"product_cat-uncategorized","7":"product_shipping_class-impresso","8":"pa_ano-135","9":"pa_autor-dr-fabio-bordin","10":"pa_editora-editora-lux","11":"pa_isbn-281","12":"pa_tipo-de-capa-brochura","14":"first","15":"outofstock","16":"purchasable","17":"product-type-simple"},"_links":{"self":[{"href":"https:\/\/www.editoralux.com.br\/loja\/wp-json\/wp\/v2\/product\/20839"}],"collection":[{"href":"https:\/\/www.editoralux.com.br\/loja\/wp-json\/wp\/v2\/product"}],"about":[{"href":"https:\/\/www.editoralux.com.br\/loja\/wp-json\/wp\/v2\/types\/product"}],"wp:featuredmedia":[{"embeddable":true,"href":"https:\/\/www.editoralux.com.br\/loja\/wp-json\/wp\/v2\/media\/20847"}],"wp:attachment":[{"href":"https:\/\/www.editoralux.com.br\/loja\/wp-json\/wp\/v2\/media?parent=20839"}],"wp:term":[{"taxonomy":"product_brand","embeddable":true,"href":"https:\/\/www.editoralux.com.br\/loja\/wp-json\/wp\/v2\/product_brand?post=20839"},{"taxonomy":"product_cat","embeddable":true,"href":"https:\/\/www.editoralux.com.br\/loja\/wp-json\/wp\/v2\/product_cat?post=20839"},{"taxonomy":"product_tag","embeddable":true,"href":"https:\/\/www.editoralux.com.br\/loja\/wp-json\/wp\/v2\/product_tag?post=20839"}],"curies":[{"name":"wp","href":"https:\/\/api.w.org\/{rel}","templated":true}]}}