{"id":21109,"date":"2022-10-24T14:18:41","date_gmt":"2022-10-24T17:18:41","guid":{"rendered":"https:\/\/www.editoralux.com.br\/loja\/produto\/o-poder-da-mente-a-poderosa-forca-que-voce-nao-usa\/"},"modified":"2023-10-24T13:27:55","modified_gmt":"2023-10-24T16:27:55","slug":"o-poder-da-mente-a-poderosa-forca-que-voce-nao-usa","status":"publish","type":"product","link":"https:\/\/www.editoralux.com.br\/loja\/produto\/o-poder-da-mente-a-poderosa-forca-que-voce-nao-usa\/","title":{"rendered":"O Poder da Mente \u2014 A poderosa for\u00e7a que voc\u00ea n\u00e3o usa"},"content":{"rendered":"","protected":false},"excerpt":{"rendered":"<p>Os livros s\u00e3o manuais e, sem eles, parece imposs\u00edvel nos orientar nas circunst\u00e2ncias da vida. Esta obra tem o objetivo  de  fazer  voc\u00ea  entender  o  poder  de  sua  mente,  as  verdades  e  os  mitos  correlacionados  com  seu  passa-do.  Poder  compartilhar  experi\u00eancias  e  conhecimentos  \u00e9  mesmo  uma  d\u00e1diva  divina,  bem  como  trocar  experi-\u00eancias e construir novas realidades, usar sua mente e se libertar das escravid\u00f5es e dos padr\u00f5es impostos ao longo do tempo.Liberte-se  dos  pensamentos  negativos,  das  influ\u00ean-cias externas, use seu poder, voe, crie, imagine e apren-da, de uma vez por todas, a conversar e, sobretudo, pedir ao Universo o que voc\u00ea deseja, conhe\u00e7a as  energias que formam o todo, saiba atra\u00ed-las, aprenda co-migo  o  mundo  da  fant\u00e1stica  numero-logia. Quem pede mal recebe o que pede, j\u00e1 quem sabe pedir rece-be  o  dobro  das  coisas  boas  que deseja.<\/p>\n","protected":false},"featured_media":21073,"template":"","meta":{"_monsterinsights_skip_tracking":false,"_monsterinsights_sitenote_active":false,"_monsterinsights_sitenote_note":"","_monsterinsights_sitenote_category":0},"product_brand":[],"product_cat":[74],"product_tag":[],"class_list":{"0":"post-21109","1":"product","2":"type-product","3":"status-publish","4":"has-post-thumbnail","6":"product_cat-uncategorized","7":"product_shipping_class-impresso","8":"pa_ano-135","9":"pa_autor-candido-chaves-falcao","10":"pa_editora-editora-lux","11":"pa_isbn-374","12":"pa_tipo-de-capa-brochura","14":"first","15":"instock","16":"purchasable","17":"product-type-simple"},"_links":{"self":[{"href":"https:\/\/www.editoralux.com.br\/loja\/wp-json\/wp\/v2\/product\/21109"}],"collection":[{"href":"https:\/\/www.editoralux.com.br\/loja\/wp-json\/wp\/v2\/product"}],"about":[{"href":"https:\/\/www.editoralux.com.br\/loja\/wp-json\/wp\/v2\/types\/product"}],"wp:featuredmedia":[{"embeddable":true,"href":"https:\/\/www.editoralux.com.br\/loja\/wp-json\/wp\/v2\/media\/21073"}],"wp:attachment":[{"href":"https:\/\/www.editoralux.com.br\/loja\/wp-json\/wp\/v2\/media?parent=21109"}],"wp:term":[{"taxonomy":"product_brand","embeddable":true,"href":"https:\/\/www.editoralux.com.br\/loja\/wp-json\/wp\/v2\/product_brand?post=21109"},{"taxonomy":"product_cat","embeddable":true,"href":"https:\/\/www.editoralux.com.br\/loja\/wp-json\/wp\/v2\/product_cat?post=21109"},{"taxonomy":"product_tag","embeddable":true,"href":"https:\/\/www.editoralux.com.br\/loja\/wp-json\/wp\/v2\/product_tag?post=21109"}],"curies":[{"name":"wp","href":"https:\/\/api.w.org\/{rel}","templated":true}]}}

O Poder da Mente — A poderosa força que você não usa

<p>Os livros são manuais e, sem eles, parece impossível nos orientar nas circunstâncias da vida. Esta obra tem o objetivo  de  fazer  você  entender  o  poder  de  sua  mente,  as  verdades  e  os  mitos  correlacionados  com  seu  passa-do.  Poder  compartilhar  experiências  e  conhecimentos  é  mesmo  uma  dádiva  divina,  bem  como  trocar  experi-ências e construir novas realidades, usar sua mente e se libertar das escravidões e dos padrões impostos ao longo do tempo.Liberte-se  dos  pensamentos  negativos,  das  influên-cias externas, use seu poder, voe, crie, imagine e apren-da, de uma vez por todas, a conversar e, sobretudo, pedir ao Universo o que você deseja, conheça as  energias que formam o todo, saiba atraí-las, aprenda co-migo  o  mundo  da  fantástica  numero-logia. Quem pede mal recebe o que pede, já quem sabe pedir rece-be  o  dobro  das  coisas  boas  que deseja.</p>
