{"id":21202,"date":"2022-12-07T11:12:05","date_gmt":"2022-12-07T14:12:05","guid":{"rendered":"https:\/\/www.editoralux.com.br\/loja\/?post_type=product&#038;p=21202"},"modified":"2026-01-07T14:21:15","modified_gmt":"2026-01-07T17:21:15","slug":"novas-fronteiras-de-risco-e-retorno-guia-pratico-para-integracao-esg-nos-investimentos","status":"publish","type":"product","link":"https:\/\/www.editoralux.com.br\/loja\/produto\/novas-fronteiras-de-risco-e-retorno-guia-pratico-para-integracao-esg-nos-investimentos\/","title":{"rendered":"2\u00aa Edi\u00e7\u00e3o &#8211; Novas fronteiras de risco e retorno: Guia pr\u00e1tico para integra\u00e7\u00e3o ESG nos investimentos"},"content":{"rendered":"","protected":false},"excerpt":{"rendered":"<p>Nossa miss\u00e3o no CFA Institute \u00e9 liderar globalmente a profiss\u00e3o de investimento, promovendo os mais elevados padr\u00f5es de \u00e9tica, educa\u00e7\u00e3o e excel\u00eancia profissional para o benef\u00edcio final da sociedade.<br \/>\nAtingimos um ponto de inflex\u00e3o na ind\u00fastria de investimento, no qual os investidores buscam uma abordagem com maior prop\u00f3sito e reconhecem a import\u00e2ncia das finan\u00e7as e investimentos em um contexto mais amplo, da sociedade como um todo. Nossa ind\u00fastria desempenha uma fun\u00e7\u00e3o essencial quando se trata de prover capital para viabilizar o crescimento econ\u00f4mico e ajudar a alcan\u00e7ar a seguran\u00e7a financeira das pessoas.<br \/>\nAtualmente, muitos investidores consideram o impacto como uma pauta necess\u00e1ria.<\/p>\n","protected":false},"featured_media":21204,"template":"","meta":{"_monsterinsights_skip_tracking":false,"_monsterinsights_sitenote_active":false,"_monsterinsights_sitenote_note":"","_monsterinsights_sitenote_category":0},"product_brand":[],"product_cat":[74],"product_tag":[],"class_list":{"0":"post-21202","1":"product","2":"type-product","3":"status-publish","4":"has-post-thumbnail","6":"product_cat-uncategorized","7":"product_shipping_class-impresso","8":"pa_ano-135","9":"pa_autor-gilberto-ribeiro-de-oliveira-filho-ruth-walter","10":"pa_editora-editora-lux","11":"pa_isbn-978-65-5913-469-4","12":"pa_tipo-de-capa-brochura","14":"first","15":"outofstock","16":"purchasable","17":"product-type-simple"},"_links":{"self":[{"href":"https:\/\/www.editoralux.com.br\/loja\/wp-json\/wp\/v2\/product\/21202"}],"collection":[{"href":"https:\/\/www.editoralux.com.br\/loja\/wp-json\/wp\/v2\/product"}],"about":[{"href":"https:\/\/www.editoralux.com.br\/loja\/wp-json\/wp\/v2\/types\/product"}],"wp:featuredmedia":[{"embeddable":true,"href":"https:\/\/www.editoralux.com.br\/loja\/wp-json\/wp\/v2\/media\/21204"}],"wp:attachment":[{"href":"https:\/\/www.editoralux.com.br\/loja\/wp-json\/wp\/v2\/media?parent=21202"}],"wp:term":[{"taxonomy":"product_brand","embeddable":true,"href":"https:\/\/www.editoralux.com.br\/loja\/wp-json\/wp\/v2\/product_brand?post=21202"},{"taxonomy":"product_cat","embeddable":true,"href":"https:\/\/www.editoralux.com.br\/loja\/wp-json\/wp\/v2\/product_cat?post=21202"},{"taxonomy":"product_tag","embeddable":true,"href":"https:\/\/www.editoralux.com.br\/loja\/wp-json\/wp\/v2\/product_tag?post=21202"}],"curies":[{"name":"wp","href":"https:\/\/api.w.org\/{rel}","templated":true}]}}