{"id":21245,"date":"2023-01-05T17:51:01","date_gmt":"2023-01-05T20:51:01","guid":{"rendered":"https:\/\/www.editoralux.com.br\/loja\/produto\/o-novo-uma-nova-economia-para-o-mundo\/"},"modified":"2024-03-27T10:13:25","modified_gmt":"2024-03-27T13:13:25","slug":"o-novo-uma-nova-economia-para-o-mundo","status":"publish","type":"product","link":"https:\/\/www.editoralux.com.br\/loja\/produto\/o-novo-uma-nova-economia-para-o-mundo\/","title":{"rendered":"O Novo \u2014 uma Nova Economia para o Mundo"},"content":{"rendered":"","protected":false},"excerpt":{"rendered":"<p>A obra busca atender ao chamado da sociedade global que procura uma nova economia capaz de atender \u00e0s grandes massas populacionais e seus consumos. O trabalho se inicia com uma breve apresenta\u00e7\u00e3o da hist\u00f3ria da economia mundial, logo ap\u00f3s, conheceremos a hist\u00f3ria das moedas, seus conflitos, as solu\u00e7\u00f5es com uma nova proposta de arquitetura do capital com uma nova teoria de financiamento dos Estados. Conheceremos tamb\u00e9m as inova\u00e7\u00f5es do sexto e s\u00e9timo mercado de macroeconomia: o primeiro tem o potencial de eliminar os lix\u00f5es em n\u00edvel mundial e reduzir o desemprego nos sistemas econ\u00f4micos mistos; o segundo de realizar a inclus\u00e3o econ\u00f4mica e comercial das popula\u00e7\u00f5es eliminando a fome e a mis\u00e9ria dos pa\u00edses.<\/p>\n","protected":false},"featured_media":21235,"template":"","meta":{"_monsterinsights_skip_tracking":false,"_monsterinsights_sitenote_active":false,"_monsterinsights_sitenote_note":"","_monsterinsights_sitenote_category":0},"product_brand":[],"product_cat":[74],"product_tag":[],"class_list":{"0":"post-21245","1":"product","2":"type-product","3":"status-publish","4":"has-post-thumbnail","6":"product_cat-uncategorized","7":"product_shipping_class-impresso","8":"pa_ano-135","9":"pa_autor-pedro-dias-pinto","10":"pa_editora-editora-lux","11":"pa_isbn-442","12":"pa_tipo-de-capa-brochura","14":"first","15":"outofstock","16":"purchasable","17":"product-type-simple"},"_links":{"self":[{"href":"https:\/\/www.editoralux.com.br\/loja\/wp-json\/wp\/v2\/product\/21245"}],"collection":[{"href":"https:\/\/www.editoralux.com.br\/loja\/wp-json\/wp\/v2\/product"}],"about":[{"href":"https:\/\/www.editoralux.com.br\/loja\/wp-json\/wp\/v2\/types\/product"}],"wp:featuredmedia":[{"embeddable":true,"href":"https:\/\/www.editoralux.com.br\/loja\/wp-json\/wp\/v2\/media\/21235"}],"wp:attachment":[{"href":"https:\/\/www.editoralux.com.br\/loja\/wp-json\/wp\/v2\/media?parent=21245"}],"wp:term":[{"taxonomy":"product_brand","embeddable":true,"href":"https:\/\/www.editoralux.com.br\/loja\/wp-json\/wp\/v2\/product_brand?post=21245"},{"taxonomy":"product_cat","embeddable":true,"href":"https:\/\/www.editoralux.com.br\/loja\/wp-json\/wp\/v2\/product_cat?post=21245"},{"taxonomy":"product_tag","embeddable":true,"href":"https:\/\/www.editoralux.com.br\/loja\/wp-json\/wp\/v2\/product_tag?post=21245"}],"curies":[{"name":"wp","href":"https:\/\/api.w.org\/{rel}","templated":true}]}}