{"id":21550,"date":"2023-07-06T20:29:06","date_gmt":"2023-07-06T23:29:06","guid":{"rendered":"https:\/\/www.editoralux.com.br\/loja\/produto\/pensamentos\/"},"modified":"2023-10-02T10:07:22","modified_gmt":"2023-10-02T13:07:22","slug":"pensamentos","status":"publish","type":"product","link":"https:\/\/www.editoralux.com.br\/loja\/produto\/pensamentos\/","title":{"rendered":"Pensamentos"},"content":{"rendered":"","protected":false},"excerpt":{"rendered":"<p>Pensar \u00e9 uma arte que est\u00e1 ao alcance de todos e, quando bem praticada, leva \u00e0 sapi\u00eancia. Para o autor, s\u00f3 se adquire sabedoria observando atentamente os fatos, refletindo sobre as experi\u00eancias da vida e seguindo as boas recomenda\u00e7\u00f5es de algumas doutrinas filos\u00f3ficas e religiosas. Cada pensamento cont\u00e9m uma ess\u00eancia, portanto \u00e9 preciso l\u00ea-los com aten\u00e7\u00e3o e, \u00e0s vezes, rel\u00ea-los para poder capt\u00e1-la. Assim sendo, a finalidade desta obra \u00e9 criar mais uma oportunidade de leitura saud\u00e1vel, provocar a reflex\u00e3o, acrescentar algo de positivo \u00e0 vida do leitor e, quem sabe, introduzi-lo na arte de pensar.<\/p>\n","protected":false},"featured_media":21534,"template":"","meta":{"_monsterinsights_skip_tracking":false,"_monsterinsights_sitenote_active":false,"_monsterinsights_sitenote_note":"","_monsterinsights_sitenote_category":0},"product_brand":[],"product_cat":[74],"product_tag":[],"class_list":{"0":"post-21550","1":"product","2":"type-product","3":"status-publish","4":"has-post-thumbnail","6":"product_cat-uncategorized","7":"product_shipping_class-impresso","8":"pa_ano-459","9":"pa_autor-anlubran","10":"pa_editora-editora-lux","11":"pa_isbn-563","12":"pa_tipo-de-capa-brochura","14":"first","15":"instock","16":"purchasable","17":"product-type-simple"},"_links":{"self":[{"href":"https:\/\/www.editoralux.com.br\/loja\/wp-json\/wp\/v2\/product\/21550"}],"collection":[{"href":"https:\/\/www.editoralux.com.br\/loja\/wp-json\/wp\/v2\/product"}],"about":[{"href":"https:\/\/www.editoralux.com.br\/loja\/wp-json\/wp\/v2\/types\/product"}],"wp:featuredmedia":[{"embeddable":true,"href":"https:\/\/www.editoralux.com.br\/loja\/wp-json\/wp\/v2\/media\/21534"}],"wp:attachment":[{"href":"https:\/\/www.editoralux.com.br\/loja\/wp-json\/wp\/v2\/media?parent=21550"}],"wp:term":[{"taxonomy":"product_brand","embeddable":true,"href":"https:\/\/www.editoralux.com.br\/loja\/wp-json\/wp\/v2\/product_brand?post=21550"},{"taxonomy":"product_cat","embeddable":true,"href":"https:\/\/www.editoralux.com.br\/loja\/wp-json\/wp\/v2\/product_cat?post=21550"},{"taxonomy":"product_tag","embeddable":true,"href":"https:\/\/www.editoralux.com.br\/loja\/wp-json\/wp\/v2\/product_tag?post=21550"}],"curies":[{"name":"wp","href":"https:\/\/api.w.org\/{rel}","templated":true}]}}