{"id":21657,"date":"2023-09-13T23:46:16","date_gmt":"2023-09-14T02:46:16","guid":{"rendered":"https:\/\/www.editoralux.com.br\/loja\/produto\/as-amazonas-e-a-pedra-do-amor\/"},"modified":"2023-09-13T23:46:54","modified_gmt":"2023-09-14T02:46:54","slug":"as-amazonas-e-a-pedra-do-amor","status":"publish","type":"product","link":"https:\/\/www.editoralux.com.br\/loja\/produto\/as-amazonas-e-a-pedra-do-amor\/","title":{"rendered":"As Amazonas e a Pedra do Amor"},"content":{"rendered":"","protected":false},"excerpt":{"rendered":"<p>Akiana \u00e9 uma sedutora representa\u00e7\u00e3o liter\u00e1ria da Amaz\u00f4nia. Aqui se cruzam, reverbera\u00e7\u00f5es perfumadas da flora, coloridos c\u00e2nticos da fauna, prodigiosas constru\u00e7\u00f5es das lendas, proje\u00e7\u00f5es transcendentes dos mitos. Todas as pot\u00eancias e divindades do verde s\u00e3o movimentadas na hist\u00f3ria de uma busca apaixonada do amor. Amor, s\u00edntese da  vida aqui e na eternidade. Amor, por\u00e7\u00e3o que inebriou a autora at\u00e9 transport\u00e1-la aos confins do quanto pode a cria\u00e7\u00e3o liter\u00e1ria. Todos ficamos deslumbrados e agradecidos pela contempla\u00e7\u00e3o da Pedra, n\u00e3o s\u00f3 de Akiana, mas principalmente de \u00c1dria.<br \/>\nMax Carphentier &#8211; Membro da Academia Amazonense de Letras &#8211; AAL<br \/>\n***<br \/>\nO texto do conto As Amazonas e a Pedra do Amor \u00e9 belo e vai ao encontro dos anseios dos jovens de hoje: uma protagonista mulher com a jornada da hero\u00edna, ind\u00edgena. A narrativa fala de amor, fam\u00edlia, natureza, injusti\u00e7a, tem a\u00e7\u00e3o, novidades lingu\u00edsticas e refer\u00eancias culturais.<br \/>\nO conto explora tr\u00eas temas importantes e atuais: mulher, meio ambiente e povos origin\u00e1rios.<br \/>\nC\u00edntia Barreto &#8211; Autora, Mestra, PhD em literatura brasileira<br \/>\n***<br \/>\n\u00c1dria, gostei muito de sua obra. Especialmente por explorar e divulgar a cultura amaz\u00f4nica. Parab\u00e9ns!<br \/>\nMarcos Frederico &#8211; Membro da AAL<br \/>\n***<br \/>\nContinue escrevendo. Voc\u00ea tem potencial. Sucesso!<br \/>\nM\u00e1rcio Souza &#8211; Membro da AAL<br \/>\n***<br \/>\n\u201cAs Amazonas e a Pedra do Amor\u201d \u00e9 uma fic\u00e7\u00e3o, de car\u00e1ter simb\u00f3lico e did\u00e1tico de<br \/>\n\u00c1dria Maria de Mendon\u00e7a Jenkins. O livro \u00e9 um adjut\u00f3rio a mais na tentativa de desvendar os encantos e a magia da Amaz\u00f4nia. O bom estilo e o cuidado na constru\u00e7\u00e3o deste trabalho, propiciar\u00e3o prazer e emo\u00e7\u00e3o aos leitores. A inspira\u00e7\u00e3o s\u00e3o<br \/>\nas lendas amaz\u00f4nicas e o folclore popular. O anfiteatro \u00e9 a regi\u00e3o e os arredores de Itacoatiara.<br \/>\nFrancisco Gomes &#8211; Membro da AAL<br \/>\n***<br \/>\nCom a obra completa, recebi um forte louvor sobre o conto, do itacoatiarenses e tamb\u00e9m membro da Academia Amazonense de Letras, Elson Farias, como \u201cexcelente, original e in\u00e9dito\u201d<\/p>\n","protected":false},"featured_media":21658,"template":"","meta":{"_monsterinsights_skip_tracking":false,"_monsterinsights_sitenote_active":false,"_monsterinsights_sitenote_note":"","_monsterinsights_sitenote_category":0},"product_brand":[],"product_cat":[74],"product_tag":[],"class_list":{"0":"post-21657","1":"product","2":"type-product","3":"status-publish","4":"has-post-thumbnail","6":"product_cat-uncategorized","7":"product_shipping_class-impresso","8":"pa_ano-459","9":"pa_autor-adria-maria-barros-de-mendonca","10":"pa_editora-editora-lux","11":"pa_isbn-611","12":"pa_tipo-de-capa-brochura","14":"first","15":"instock","16":"purchasable","17":"product-type-simple"},"_links":{"self":[{"href":"https:\/\/www.editoralux.com.br\/loja\/wp-json\/wp\/v2\/product\/21657"}],"collection":[{"href":"https:\/\/www.editoralux.com.br\/loja\/wp-json\/wp\/v2\/product"}],"about":[{"href":"https:\/\/www.editoralux.com.br\/loja\/wp-json\/wp\/v2\/types\/product"}],"wp:featuredmedia":[{"embeddable":true,"href":"https:\/\/www.editoralux.com.br\/loja\/wp-json\/wp\/v2\/media\/21658"}],"wp:attachment":[{"href":"https:\/\/www.editoralux.com.br\/loja\/wp-json\/wp\/v2\/media?parent=21657"}],"wp:term":[{"taxonomy":"product_brand","embeddable":true,"href":"https:\/\/www.editoralux.com.br\/loja\/wp-json\/wp\/v2\/product_brand?post=21657"},{"taxonomy":"product_cat","embeddable":true,"href":"https:\/\/www.editoralux.com.br\/loja\/wp-json\/wp\/v2\/product_cat?post=21657"},{"taxonomy":"product_tag","embeddable":true,"href":"https:\/\/www.editoralux.com.br\/loja\/wp-json\/wp\/v2\/product_tag?post=21657"}],"curies":[{"name":"wp","href":"https:\/\/api.w.org\/{rel}","templated":true}]}}

<p>Akiana é uma sedutora representação literária da Amazônia. Aqui se cruzam, reverberações perfumadas da flora, coloridos cânticos da fauna, prodigiosas construções das lendas, projeções transcendentes dos mitos. Todas as potências e divindades do verde são movimentadas na história de uma busca apaixonada do amor. Amor, síntese da  vida aqui e na eternidade. Amor, porção que inebriou a autora até transportá-la aos confins do quanto pode a criação literária. Todos ficamos deslumbrados e agradecidos pela contemplação da Pedra, não só de Akiana, mas principalmente de Ádria.<br />
Max Carphentier &#8211; Membro da Academia Amazonense de Letras &#8211; AAL<br />
***<br />
O texto do conto As Amazonas e a Pedra do Amor é belo e vai ao encontro dos anseios dos jovens de hoje: uma protagonista mulher com a jornada da heroína, indígena. A narrativa fala de amor, família, natureza, injustiça, tem ação, novidades linguísticas e referências culturais.<br />
O conto explora três temas importantes e atuais: mulher, meio ambiente e povos originários.<br />
Cíntia Barreto &#8211; Autora, Mestra, PhD em literatura brasileira<br />
***<br />
Ádria, gostei muito de sua obra. Especialmente por explorar e divulgar a cultura amazônica. Parabéns!<br />
Marcos Frederico &#8211; Membro da AAL<br />
***<br />
Continue escrevendo. Você tem potencial. Sucesso!<br />
Márcio Souza &#8211; Membro da AAL<br />
***<br />
“As Amazonas e a Pedra do Amor” é uma ficção, de caráter simbólico e didático de<br />
Ádria Maria de Mendonça Jenkins. O livro é um adjutório a mais na tentativa de desvendar os encantos e a magia da Amazônia. O bom estilo e o cuidado na construção deste trabalho, propiciarão prazer e emoção aos leitores. A inspiração são<br />
as lendas amazônicas e o folclore popular. O anfiteatro é a região e os arredores de Itacoatiara.<br />
Francisco Gomes &#8211; Membro da AAL<br />
***<br />
Com a obra completa, recebi um forte louvor sobre o conto, do itacoatiarenses e também membro da Academia Amazonense de Letras, Elson Farias, como “excelente, original e inédito”</p>
