{"id":21678,"date":"2023-10-02T23:26:16","date_gmt":"2023-10-03T02:26:16","guid":{"rendered":"https:\/\/www.editoralux.com.br\/loja\/?post_type=product&#038;p=21678"},"modified":"2026-01-06T14:45:37","modified_gmt":"2026-01-06T17:45:37","slug":"impressoes-em-poesias-cronicas","status":"publish","type":"product","link":"https:\/\/www.editoralux.com.br\/loja\/produto\/impressoes-em-poesias-cronicas\/","title":{"rendered":"Impress\u00f5es em Poesias &#038; Cr\u00f4nicas"},"content":{"rendered":"","protected":false},"excerpt":{"rendered":"<p>Por meio de poesias ou de cr\u00f4nicas, pelas palavras do pai ou do filho, mergulhamos em lembran\u00e7as de inf\u00e2ncia, sentimentos \u00edntimos, momentos cotidianos, quest\u00f5es existenciais que s\u00e3o alguns dos temas que invadem essas p\u00e1ginas e chegam ao leitor com verdade e sensibilidade.<\/p>\n","protected":false},"featured_media":21680,"template":"","meta":{"_monsterinsights_skip_tracking":false,"_monsterinsights_sitenote_active":false,"_monsterinsights_sitenote_note":"","_monsterinsights_sitenote_category":0},"product_brand":[],"product_cat":[74],"product_tag":[],"class_list":{"0":"post-21678","1":"product","2":"type-product","3":"status-publish","4":"has-post-thumbnail","6":"product_cat-uncategorized","7":"product_shipping_class-impresso","8":"pa_ano-459","9":"pa_autor-jose-antonio-ferreira-da-silva-e-allan-kemps-pontes-ferreira","10":"pa_editora-editora-lux","11":"pa_isbn-978-65-5913-679-7","12":"pa_tipo-de-capa-brochura","14":"first","15":"outofstock","16":"purchasable","17":"product-type-simple"},"_links":{"self":[{"href":"https:\/\/www.editoralux.com.br\/loja\/wp-json\/wp\/v2\/product\/21678"}],"collection":[{"href":"https:\/\/www.editoralux.com.br\/loja\/wp-json\/wp\/v2\/product"}],"about":[{"href":"https:\/\/www.editoralux.com.br\/loja\/wp-json\/wp\/v2\/types\/product"}],"wp:featuredmedia":[{"embeddable":true,"href":"https:\/\/www.editoralux.com.br\/loja\/wp-json\/wp\/v2\/media\/21680"}],"wp:attachment":[{"href":"https:\/\/www.editoralux.com.br\/loja\/wp-json\/wp\/v2\/media?parent=21678"}],"wp:term":[{"taxonomy":"product_brand","embeddable":true,"href":"https:\/\/www.editoralux.com.br\/loja\/wp-json\/wp\/v2\/product_brand?post=21678"},{"taxonomy":"product_cat","embeddable":true,"href":"https:\/\/www.editoralux.com.br\/loja\/wp-json\/wp\/v2\/product_cat?post=21678"},{"taxonomy":"product_tag","embeddable":true,"href":"https:\/\/www.editoralux.com.br\/loja\/wp-json\/wp\/v2\/product_tag?post=21678"}],"curies":[{"name":"wp","href":"https:\/\/api.w.org\/{rel}","templated":true}]}}