{"id":21850,"date":"2024-02-15T20:56:22","date_gmt":"2024-02-15T23:56:22","guid":{"rendered":"https:\/\/www.editoralux.com.br\/loja\/produto\/dez-capitulos\/"},"modified":"2026-01-14T14:32:11","modified_gmt":"2026-01-14T17:32:11","slug":"dez-capitulos","status":"publish","type":"product","link":"https:\/\/www.editoralux.com.br\/loja\/produto\/dez-capitulos\/","title":{"rendered":"Dez Cap\u00edtulos"},"content":{"rendered":"","protected":false},"excerpt":{"rendered":"<p>Este livro nasceu da vontade de aben\u00e7oar \u201cOs meus cinco ouvintes\u201d, ent\u00e3o, espero que as palavras aqui contidas possam te animar. Com o compilado de breves devocionais feitos atrav\u00e9s da rede social Instagram, meu desejo \u00e9 que os textos te ajudem a melhorar como ovelhas de Jesus Cristo.<br \/>\nN\u00e3o h\u00e1 pretens\u00e3o alguma aqui, somente o sincero  pulsar do meu cora\u00e7\u00e3o fiel a Deus, e \u00e0 medida<br \/>\nque as p\u00e1ginas se multiplicavam, enxerguei a oportunidade de me tornar mais \u00fatil ainda na obra<br \/>\ndo nosso amado Senhor JESUS.<\/p>\n","protected":false},"featured_media":21849,"template":"","meta":{"_monsterinsights_skip_tracking":false,"_monsterinsights_sitenote_active":false,"_monsterinsights_sitenote_note":"","_monsterinsights_sitenote_category":0},"product_brand":[],"product_cat":[74],"product_tag":[],"class_list":{"0":"post-21850","1":"product","2":"type-product","3":"status-publish","4":"has-post-thumbnail","6":"product_cat-uncategorized","7":"product_shipping_class-impresso","8":"pa_ano-459","9":"pa_autor-pr-jonatas-ulisses-fagundes","10":"pa_editora-editora-lux","11":"pa_isbn-674","12":"pa_quantidade-de-paginas-673","13":"pa_tipo-de-capa-brochura","15":"first","16":"outofstock","17":"purchasable","18":"product-type-simple"},"_links":{"self":[{"href":"https:\/\/www.editoralux.com.br\/loja\/wp-json\/wp\/v2\/product\/21850"}],"collection":[{"href":"https:\/\/www.editoralux.com.br\/loja\/wp-json\/wp\/v2\/product"}],"about":[{"href":"https:\/\/www.editoralux.com.br\/loja\/wp-json\/wp\/v2\/types\/product"}],"wp:featuredmedia":[{"embeddable":true,"href":"https:\/\/www.editoralux.com.br\/loja\/wp-json\/wp\/v2\/media\/21849"}],"wp:attachment":[{"href":"https:\/\/www.editoralux.com.br\/loja\/wp-json\/wp\/v2\/media?parent=21850"}],"wp:term":[{"taxonomy":"product_brand","embeddable":true,"href":"https:\/\/www.editoralux.com.br\/loja\/wp-json\/wp\/v2\/product_brand?post=21850"},{"taxonomy":"product_cat","embeddable":true,"href":"https:\/\/www.editoralux.com.br\/loja\/wp-json\/wp\/v2\/product_cat?post=21850"},{"taxonomy":"product_tag","embeddable":true,"href":"https:\/\/www.editoralux.com.br\/loja\/wp-json\/wp\/v2\/product_tag?post=21850"}],"curies":[{"name":"wp","href":"https:\/\/api.w.org\/{rel}","templated":true}]}}