{"id":21886,"date":"2024-03-06T23:54:14","date_gmt":"2024-03-07T02:54:14","guid":{"rendered":"https:\/\/www.editoralux.com.br\/loja\/produto\/no-livro-da-minha-vida-tem-muito-o-que-contar\/"},"modified":"2026-01-06T13:47:10","modified_gmt":"2026-01-06T16:47:10","slug":"no-livro-da-minha-vida-tem-muito-o-que-contar","status":"publish","type":"product","link":"https:\/\/www.editoralux.com.br\/loja\/produto\/no-livro-da-minha-vida-tem-muito-o-que-contar\/","title":{"rendered":"No Livro da Minha Vida tem muito o que Contar"},"content":{"rendered":"","protected":false},"excerpt":{"rendered":"<p>vida e inf\u00e2ncia at\u00e9 os dias de hoje<\/p>\n<p>Claudio Cristian de Sousa, nascido em 1\u00ba de agosto de 1975 no s\u00edtio Lagoa da Fazenda da cidade de Triunfo<br \/>\n(PE), \u00e9 professor, poeta, ministro da Palavra e mission\u00e1rio. Formado em Pedagogia, com especializa\u00e7\u00e3o em<br \/>\nPsicopedagogia Cl\u00ednica e Institucional e curso em Gest\u00e3o Escolar, Alfabetiza\u00e7\u00e3o e Letramento, atua h\u00e1 mais de 15 anos em gest\u00e3o de escola.<\/p>\n","protected":false},"featured_media":21878,"template":"","meta":{"_monsterinsights_skip_tracking":false,"_monsterinsights_sitenote_active":false,"_monsterinsights_sitenote_note":"","_monsterinsights_sitenote_category":0},"product_brand":[],"product_cat":[74],"product_tag":[],"class_list":{"0":"post-21886","1":"product","2":"type-product","3":"status-publish","4":"has-post-thumbnail","6":"product_cat-uncategorized","7":"product_shipping_class-impresso","8":"pa_ano-459","9":"pa_autor-claudio-cristian","10":"pa_editora-editora-lux","11":"pa_isbn-697","12":"pa_tipo-de-capa-brochura","14":"first","15":"outofstock","16":"purchasable","17":"product-type-simple"},"_links":{"self":[{"href":"https:\/\/www.editoralux.com.br\/loja\/wp-json\/wp\/v2\/product\/21886"}],"collection":[{"href":"https:\/\/www.editoralux.com.br\/loja\/wp-json\/wp\/v2\/product"}],"about":[{"href":"https:\/\/www.editoralux.com.br\/loja\/wp-json\/wp\/v2\/types\/product"}],"wp:featuredmedia":[{"embeddable":true,"href":"https:\/\/www.editoralux.com.br\/loja\/wp-json\/wp\/v2\/media\/21878"}],"wp:attachment":[{"href":"https:\/\/www.editoralux.com.br\/loja\/wp-json\/wp\/v2\/media?parent=21886"}],"wp:term":[{"taxonomy":"product_brand","embeddable":true,"href":"https:\/\/www.editoralux.com.br\/loja\/wp-json\/wp\/v2\/product_brand?post=21886"},{"taxonomy":"product_cat","embeddable":true,"href":"https:\/\/www.editoralux.com.br\/loja\/wp-json\/wp\/v2\/product_cat?post=21886"},{"taxonomy":"product_tag","embeddable":true,"href":"https:\/\/www.editoralux.com.br\/loja\/wp-json\/wp\/v2\/product_tag?post=21886"}],"curies":[{"name":"wp","href":"https:\/\/api.w.org\/{rel}","templated":true}]}}