{"id":22033,"date":"2024-05-22T22:16:02","date_gmt":"2024-05-23T01:16:02","guid":{"rendered":"https:\/\/www.editoralux.com.br\/loja\/produto\/misterio-da-iniquidade\/"},"modified":"2025-12-30T14:33:29","modified_gmt":"2025-12-30T17:33:29","slug":"misterio-da-iniquidade","status":"publish","type":"product","link":"https:\/\/www.editoralux.com.br\/loja\/produto\/misterio-da-iniquidade\/","title":{"rendered":"Mist\u00e9rio da Iniquidade"},"content":{"rendered":"","protected":false},"excerpt":{"rendered":"<p>O pecado, em seu sentido mais profundo, n\u00e3o \u00e9 mais do que a vontade pervertida porque \u201cDeus n\u00e3o mandou ningu\u00e9m agir como \u00edmpio e a ningu\u00e9m deu licen\u00e7a para pecar\u201d (Eclo. 15,21).<br \/>\n\u201cOra, se eu fa\u00e7o o que n\u00e3o quero, ent\u00e3o n\u00e3o sou eu quem age, mas sim o pecado que habita em mim\u201d (Rm. 7,20). Portanto, \u201cN\u00e3o fique muito seguro do perd\u00e3o, a ponto de amontoar pecados\u201d (Eclo. 5,5). \u201cPonde em pr\u00e1tica a Palavra e n\u00e3o vos contentei em ouvi-la apenas, enganando-vos a v\u00f3s mesmos\u201d (Tg. 1,22).Precisamos parar de arrumar confus\u00f5es espirituais em nossas vidas que nos levam diretamente ao pecado, em contraponto ao desejo de nossa salva\u00e7\u00e3o e consequentemente a perda da gra\u00e7a alcan\u00e7ada no batismo e da salva\u00e7\u00e3o divina porque, no mundo em que habitamos hoje, com seu ritmo fren\u00e9tico de vida, com mais acesso \u00e0s informa\u00e7\u00f5es e com as novas tend\u00eancias, parece que o homem deixou de lado a contri\u00e7\u00e3o e considera que o pecado e o inferno est\u00e3o \u201cfora de moda\u201d, mas isso n\u00e3o \u00e9 verdade.<br \/>\nEsse paralogismo pode e deve ser corrigido o quanto antes, custe o que custar, pois est\u00e1 levando nossas almas \u00e0 morte eterna, direcionando-as direto para o inferno.Este livro pretende acender a luz de alerta at\u00e9 que se corrija este efeito pernicioso em nossas vidas, e isso tem um pre\u00e7o que n\u00e3o pode ser parcelado em suaves presta\u00e7\u00f5es porque exige uma tomada urgente de decis\u00e3o.\u201cV\u00f3s est\u00e1veis mortos em vossos delitos e pecados!\u201d (Ef. 2,1a)<\/p>\n","protected":false},"featured_media":22012,"template":"","meta":{"_monsterinsights_skip_tracking":false,"_monsterinsights_sitenote_active":false,"_monsterinsights_sitenote_note":"","_monsterinsights_sitenote_category":0},"product_brand":[],"product_cat":[74],"product_tag":[],"class_list":{"0":"post-22033","1":"product","2":"type-product","3":"status-publish","4":"has-post-thumbnail","6":"product_cat-uncategorized","7":"product_shipping_class-impresso","8":"pa_ano-459","9":"pa_autor-carlos-de-souza-cardoso","10":"pa_editora-editora-lux","11":"pa_isbn-733","12":"pa_quantidade-de-paginas-743","13":"pa_tipo-de-capa-brochura","15":"first","16":"outofstock","17":"purchasable","18":"product-type-simple"},"_links":{"self":[{"href":"https:\/\/www.editoralux.com.br\/loja\/wp-json\/wp\/v2\/product\/22033"}],"collection":[{"href":"https:\/\/www.editoralux.com.br\/loja\/wp-json\/wp\/v2\/product"}],"about":[{"href":"https:\/\/www.editoralux.com.br\/loja\/wp-json\/wp\/v2\/types\/product"}],"wp:featuredmedia":[{"embeddable":true,"href":"https:\/\/www.editoralux.com.br\/loja\/wp-json\/wp\/v2\/media\/22012"}],"wp:attachment":[{"href":"https:\/\/www.editoralux.com.br\/loja\/wp-json\/wp\/v2\/media?parent=22033"}],"wp:term":[{"taxonomy":"product_brand","embeddable":true,"href":"https:\/\/www.editoralux.com.br\/loja\/wp-json\/wp\/v2\/product_brand?post=22033"},{"taxonomy":"product_cat","embeddable":true,"href":"https:\/\/www.editoralux.com.br\/loja\/wp-json\/wp\/v2\/product_cat?post=22033"},{"taxonomy":"product_tag","embeddable":true,"href":"https:\/\/www.editoralux.com.br\/loja\/wp-json\/wp\/v2\/product_tag?post=22033"}],"curies":[{"name":"wp","href":"https:\/\/api.w.org\/{rel}","templated":true}]}}