{"id":22100,"date":"2024-06-12T21:36:30","date_gmt":"2024-06-13T00:36:30","guid":{"rendered":"https:\/\/www.editoralux.com.br\/loja\/produto\/a-liberdade-e-seus-inimigos\/"},"modified":"2025-09-26T15:25:43","modified_gmt":"2025-09-26T18:25:43","slug":"a-liberdade-e-seus-inimigos","status":"publish","type":"product","link":"https:\/\/www.editoralux.com.br\/loja\/produto\/a-liberdade-e-seus-inimigos\/","title":{"rendered":"A Liberdade e seus Inimigos"},"content":{"rendered":"","protected":false},"excerpt":{"rendered":"<p>O comunismo, o mais terr\u00edvel inimigo da liberdade, tem vigorosas ra\u00edzes na Gr\u00e9cia Antiga, com Plat\u00e3o, que identificava a liberdade como aus\u00eancia de lei, a livre iniciativa com a licen\u00e7a e a igualdade com a desordem. Na sequ\u00eancia, Hegel ampliou as ideias plat\u00f4nicas e modulou a perene revolta contra a liberdade e a raz\u00e3o. \u00c9 dessa conjun\u00e7\u00e3o de tirania e irracionalidade que Marx recolheu os postulados de suas teorias para produzir a doutrina marxista. Assim, o marxismo, que tem base na abstra\u00e7\u00e3o, ensinou aos trabalhadores a guerra de classes, cujas teses s\u00e3o ut\u00f3picas, centradas em supersti\u00e7\u00f5es, fal\u00e1cias e insuper\u00e1veis contradi\u00e7\u00f5es. Esta obra recorre \u00e0 \u201calegoria das luzes\u201d e percebe que, enquanto a Revolu\u00e7\u00e3o Francesa de 1789 emitiu seus clar\u00f5es libert\u00e1rios para o mundo, acendendo a esperan\u00e7a de um futuro radioso, de liberdade e desenvolvimento para a humanidade, a Revolu\u00e7\u00e3o Russa de 1917 fez o percurso contr\u00e1rio: produziu a loucura socialista, que anula as liberdades individuais, trata a sociedade como \u201cgado humano\u201d e subordina a vida \u00e0s decis\u00f5es do Estado.<\/p>\n","protected":false},"featured_media":22092,"template":"","meta":{"_monsterinsights_skip_tracking":false,"_monsterinsights_sitenote_active":false,"_monsterinsights_sitenote_note":"","_monsterinsights_sitenote_category":0},"product_brand":[],"product_cat":[74],"product_tag":[],"class_list":{"0":"post-22100","1":"product","2":"type-product","3":"status-publish","4":"has-post-thumbnail","6":"product_cat-uncategorized","7":"product_shipping_class-impresso","8":"pa_ano-459","9":"pa_editora-editora-lux","10":"pa_isbn-781","11":"pa_tipo-de-capa-brochura","13":"first","14":"outofstock","15":"purchasable","16":"product-type-simple"},"_links":{"self":[{"href":"https:\/\/www.editoralux.com.br\/loja\/wp-json\/wp\/v2\/product\/22100"}],"collection":[{"href":"https:\/\/www.editoralux.com.br\/loja\/wp-json\/wp\/v2\/product"}],"about":[{"href":"https:\/\/www.editoralux.com.br\/loja\/wp-json\/wp\/v2\/types\/product"}],"wp:featuredmedia":[{"embeddable":true,"href":"https:\/\/www.editoralux.com.br\/loja\/wp-json\/wp\/v2\/media\/22092"}],"wp:attachment":[{"href":"https:\/\/www.editoralux.com.br\/loja\/wp-json\/wp\/v2\/media?parent=22100"}],"wp:term":[{"taxonomy":"product_brand","embeddable":true,"href":"https:\/\/www.editoralux.com.br\/loja\/wp-json\/wp\/v2\/product_brand?post=22100"},{"taxonomy":"product_cat","embeddable":true,"href":"https:\/\/www.editoralux.com.br\/loja\/wp-json\/wp\/v2\/product_cat?post=22100"},{"taxonomy":"product_tag","embeddable":true,"href":"https:\/\/www.editoralux.com.br\/loja\/wp-json\/wp\/v2\/product_tag?post=22100"}],"curies":[{"name":"wp","href":"https:\/\/api.w.org\/{rel}","templated":true}]}}