{"id":22140,"date":"2024-07-04T21:26:17","date_gmt":"2024-07-05T00:26:17","guid":{"rendered":"https:\/\/www.editoralux.com.br\/loja\/produto\/conhecendo-o-deus-do-salmo-23-passo-a-passo\/"},"modified":"2025-01-09T09:02:51","modified_gmt":"2025-01-09T12:02:51","slug":"conhecendo-o-deus-do-salmo-23-passo-a-passo","status":"publish","type":"product","link":"https:\/\/www.editoralux.com.br\/loja\/produto\/conhecendo-o-deus-do-salmo-23-passo-a-passo\/","title":{"rendered":"Conhecendo o Deus do Salmo 23 Passo a Passo"},"content":{"rendered":"","protected":false},"excerpt":{"rendered":"<p>\u201cConhecendo o Deus do Salmo 23 Passo a Passo\u201d, quero apresentar sete t\u00edtulos que representam a minha particularidade com o meu Bom Pastor.<br \/>\nJeov\u00e1 Rophi \u2013 o Senhor \u00e9 meu pastor (v. 1);<br \/>\nJeov\u00e1 Shalom \u2013 o Senhor \u00e9 minha paz (v. 2, com Ju\u00edzes 6:24);<br \/>\nJeov\u00e1 Raf\u00e1 \u2013 o Senhor \u00e9 minha sa\u00fade (v. 3, com \u00caxodo 15:26);<br \/>\nJeov\u00e1 Tsidkenu \u2013 o Senhor \u00e9 minha justi\u00e7a (v. 3, com Jeremias 23:6);<br \/>\nJeov\u00e1 Shammah &#8211; o Senhor \u00e9 meu companheiro (v. 4, com Ezequiel 48:35);<br \/>\nJeov\u00e1 Nissi \u2013 o Senhor \u00e9 minha vit\u00f3ria (v. 5, com \u00caxodo 17:15);<br \/>\nJeov\u00e1 Jireh \u2013 o Senhor \u00e9 minha provis\u00e3o (v. 6, com G\u00eanesis 22:24).<br \/>\nO SENHOR \u00c9 MEU PASTOR, a ovelha tem que conhecer a voz do seu bom pastor, para n\u00e3o seguir uma voz estranha. Como vivemos em uma \u00e9poca de tantas vozes que nos cercam, \u00e9 necess\u00e1rio conhecer o Bom Pastor Jesus Cristo particularmente. Eu n\u00e3o sei se Ele \u00e9 o seu pastor, mas tenho certeza de que \u00e9 o meu.<\/p>\n","protected":false},"featured_media":22125,"template":"","meta":{"_monsterinsights_skip_tracking":false,"_monsterinsights_sitenote_active":false,"_monsterinsights_sitenote_note":"","_monsterinsights_sitenote_category":0},"product_brand":[],"product_cat":[74],"product_tag":[],"class_list":{"0":"post-22140","1":"product","2":"type-product","3":"status-publish","4":"has-post-thumbnail","6":"product_cat-uncategorized","7":"product_shipping_class-impresso","8":"pa_ano-459","9":"pa_autor-edson-rodrigues-ferreira","10":"pa_editora-editora-lux","11":"pa_isbn-785","12":"pa_quantidade-de-paginas-716","13":"pa_tipo-de-capa-brochura","15":"first","16":"outofstock","17":"purchasable","18":"product-type-simple"},"_links":{"self":[{"href":"https:\/\/www.editoralux.com.br\/loja\/wp-json\/wp\/v2\/product\/22140"}],"collection":[{"href":"https:\/\/www.editoralux.com.br\/loja\/wp-json\/wp\/v2\/product"}],"about":[{"href":"https:\/\/www.editoralux.com.br\/loja\/wp-json\/wp\/v2\/types\/product"}],"wp:featuredmedia":[{"embeddable":true,"href":"https:\/\/www.editoralux.com.br\/loja\/wp-json\/wp\/v2\/media\/22125"}],"wp:attachment":[{"href":"https:\/\/www.editoralux.com.br\/loja\/wp-json\/wp\/v2\/media?parent=22140"}],"wp:term":[{"taxonomy":"product_brand","embeddable":true,"href":"https:\/\/www.editoralux.com.br\/loja\/wp-json\/wp\/v2\/product_brand?post=22140"},{"taxonomy":"product_cat","embeddable":true,"href":"https:\/\/www.editoralux.com.br\/loja\/wp-json\/wp\/v2\/product_cat?post=22140"},{"taxonomy":"product_tag","embeddable":true,"href":"https:\/\/www.editoralux.com.br\/loja\/wp-json\/wp\/v2\/product_tag?post=22140"}],"curies":[{"name":"wp","href":"https:\/\/api.w.org\/{rel}","templated":true}]}}