{"id":22364,"date":"2024-11-04T20:37:13","date_gmt":"2024-11-04T23:37:13","guid":{"rendered":"https:\/\/www.editoralux.com.br\/loja\/produto\/letras-dancantes-poemas-e-poesias\/"},"modified":"2024-11-04T20:52:47","modified_gmt":"2024-11-04T23:52:47","slug":"letras-dancantes-poemas-e-poesias","status":"publish","type":"product","link":"https:\/\/www.editoralux.com.br\/loja\/produto\/letras-dancantes-poemas-e-poesias\/","title":{"rendered":"Letras dan\u00e7antes: poemas e poesias"},"content":{"rendered":"","protected":false},"excerpt":{"rendered":"<p>A obra \u201cLetras Dan\u00e7antes: poemas e poesias\u201d \u00e9 uma cole\u00e7\u00e3o de poemas escritos pela autora Isabel Cristina Barroso, que nos leva a uma jornada fascinante no mundo da poesia. A obra celebra a vida, as emo\u00e7\u00f5es humanas e a natureza, com foco especial na homenagem a figuras inspiradoras e nas experi\u00eancias pessoais da autora.<\/p>\n","protected":false},"featured_media":22363,"template":"","meta":{"_monsterinsights_skip_tracking":false,"_monsterinsights_sitenote_active":false,"_monsterinsights_sitenote_note":"","_monsterinsights_sitenote_category":0},"product_brand":[],"product_cat":[74],"product_tag":[],"class_list":{"0":"post-22364","1":"product","2":"type-product","3":"status-publish","4":"has-post-thumbnail","6":"product_cat-uncategorized","7":"product_shipping_class-impresso","8":"pa_ano-459","9":"pa_autor-isabel-cristina-barroso","10":"pa_editora-editora-lux","11":"pa_isbn-922","12":"pa_tipo-de-capa-brochura","14":"first","15":"instock","16":"purchasable","17":"product-type-simple"},"_links":{"self":[{"href":"https:\/\/www.editoralux.com.br\/loja\/wp-json\/wp\/v2\/product\/22364"}],"collection":[{"href":"https:\/\/www.editoralux.com.br\/loja\/wp-json\/wp\/v2\/product"}],"about":[{"href":"https:\/\/www.editoralux.com.br\/loja\/wp-json\/wp\/v2\/types\/product"}],"wp:featuredmedia":[{"embeddable":true,"href":"https:\/\/www.editoralux.com.br\/loja\/wp-json\/wp\/v2\/media\/22363"}],"wp:attachment":[{"href":"https:\/\/www.editoralux.com.br\/loja\/wp-json\/wp\/v2\/media?parent=22364"}],"wp:term":[{"taxonomy":"product_brand","embeddable":true,"href":"https:\/\/www.editoralux.com.br\/loja\/wp-json\/wp\/v2\/product_brand?post=22364"},{"taxonomy":"product_cat","embeddable":true,"href":"https:\/\/www.editoralux.com.br\/loja\/wp-json\/wp\/v2\/product_cat?post=22364"},{"taxonomy":"product_tag","embeddable":true,"href":"https:\/\/www.editoralux.com.br\/loja\/wp-json\/wp\/v2\/product_tag?post=22364"}],"curies":[{"name":"wp","href":"https:\/\/api.w.org\/{rel}","templated":true}]}}