{"id":22426,"date":"2024-11-28T19:36:06","date_gmt":"2024-11-28T22:36:06","guid":{"rendered":"https:\/\/www.editoralux.com.br\/loja\/produto\/economania-104-dicas-de-educacao-financeira-para-a-prosperidade-pessoal-familiar-e-do-brasil\/"},"modified":"2026-01-14T14:05:44","modified_gmt":"2026-01-14T17:05:44","slug":"economania-104-dicas-de-educacao-financeira-para-a-prosperidade-pessoal-familiar-e-do-brasil","status":"publish","type":"product","link":"https:\/\/www.editoralux.com.br\/loja\/produto\/economania-104-dicas-de-educacao-financeira-para-a-prosperidade-pessoal-familiar-e-do-brasil\/","title":{"rendered":"Economania : 104 dicas de educa\u00e7\u00e3o financeira para a prosperidade pessoal, familiar e do Brasil"},"content":{"rendered":"","protected":false},"excerpt":{"rendered":"<p>\u00c9 um livro fundamental, provavelmente o mais completo, dados os muitos assuntos de que trata, ligados \u00e0 an\u00e1lise de uma das escolhas mais importantes de nossas vidas: as voltadas para poupar e investir com rentabilidade.<br \/>\nNele, entre outras abordagens, o leitor encontrar\u00e1:<br \/>\nO que \u00e9 educa\u00e7\u00e3o financeira e por que \u00e9 necess\u00e1ria<br \/>\nComo obt\u00ea-la e mant\u00ea-la<br \/>\nO efeito da infla\u00e7\u00e3o sobre sal\u00e1rios e ativos financeiros<br \/>\nAs fontes de renda e como ampli\u00e1-las<br \/>\nOs riscos da longevidade e a aposentadoria<br \/>\nD\u00edvidas boas e m\u00e1s<br \/>\nO processo decis\u00f3rio pessoal segundo a economia comportamental<br \/>\nLiquidez, rentabilidade, risco e o perfil do investidor<br \/>\nA Teoria Moderna de Portf\u00f3lio ou carteira de investimento<br \/>\nA Hip\u00f3tese dos Mercados Eficientes<br \/>\nO cidad\u00e3o diante do Estado<br \/>\nUma f\u00f3rmula para a prosperidade pessoal<br \/>\nOs fundamentos do h\u00e1bito de poupar<br \/>\nAspectos b\u00e1sicos dos investimentos<br \/>\nO investimento em capital humano (educa\u00e7\u00e3o e sa\u00fade)<br \/>\nInvestimentos em renda fixa e vari\u00e1vel<br \/>\nInvestimentos em im\u00f3veis e fundos imobili\u00e1rios<br \/>\nA administra\u00e7\u00e3o dos gastos de consumo<br \/>\nUm cap\u00edtulo especialmente, mas n\u00e3o s\u00f3 para mulheres<br \/>\nMais fontes gratuitas de educa\u00e7\u00e3o financeira<br \/>\nA calculadora financeira on-line do Banco Central<br \/>\nE muito mais!<\/p>\n","protected":false},"featured_media":22407,"template":"","meta":{"_monsterinsights_skip_tracking":false,"_monsterinsights_sitenote_active":false,"_monsterinsights_sitenote_note":"","_monsterinsights_sitenote_category":0},"product_brand":[],"product_cat":[74],"product_tag":[],"class_list":{"0":"post-22426","1":"product","2":"type-product","3":"status-publish","4":"has-post-thumbnail","6":"product_cat-uncategorized","7":"product_shipping_class-impresso","8":"pa_ano-459","9":"pa_autor-roberto-bras-matos-macedo","10":"pa_editora-editora-lux","11":"pa_isbn-952","12":"pa_tipo-de-capa-brochura","14":"first","15":"outofstock","16":"purchasable","17":"product-type-simple"},"_links":{"self":[{"href":"https:\/\/www.editoralux.com.br\/loja\/wp-json\/wp\/v2\/product\/22426"}],"collection":[{"href":"https:\/\/www.editoralux.com.br\/loja\/wp-json\/wp\/v2\/product"}],"about":[{"href":"https:\/\/www.editoralux.com.br\/loja\/wp-json\/wp\/v2\/types\/product"}],"wp:featuredmedia":[{"embeddable":true,"href":"https:\/\/www.editoralux.com.br\/loja\/wp-json\/wp\/v2\/media\/22407"}],"wp:attachment":[{"href":"https:\/\/www.editoralux.com.br\/loja\/wp-json\/wp\/v2\/media?parent=22426"}],"wp:term":[{"taxonomy":"product_brand","embeddable":true,"href":"https:\/\/www.editoralux.com.br\/loja\/wp-json\/wp\/v2\/product_brand?post=22426"},{"taxonomy":"product_cat","embeddable":true,"href":"https:\/\/www.editoralux.com.br\/loja\/wp-json\/wp\/v2\/product_cat?post=22426"},{"taxonomy":"product_tag","embeddable":true,"href":"https:\/\/www.editoralux.com.br\/loja\/wp-json\/wp\/v2\/product_tag?post=22426"}],"curies":[{"name":"wp","href":"https:\/\/api.w.org\/{rel}","templated":true}]}}