{"id":22536,"date":"2025-01-22T22:57:09","date_gmt":"2025-01-23T01:57:09","guid":{"rendered":"https:\/\/www.editoralux.com.br\/loja\/?post_type=product&#038;p=22536"},"modified":"2025-02-14T11:26:17","modified_gmt":"2025-02-14T14:26:17","slug":"um-milagre-48-horas-depois","status":"publish","type":"product","link":"https:\/\/www.editoralux.com.br\/loja\/produto\/um-milagre-48-horas-depois\/","title":{"rendered":"Um milagre 48 horas depois&#8230;"},"content":{"rendered":"","protected":false},"excerpt":{"rendered":"<p>Existem coisas que somente Deus pode explicar e transformar. Este livro \u00e9 o nosso testemunho de que onde n\u00e3o havia nada, Deus fez tudo.<\/p>\n<p>Para o homem, era incompat\u00edvel com a vida, mas, para Deus, um lindo milagre que nos mostra a cada dia que nada \u00e9 imposs\u00edvel para Deus.<\/p>\n","protected":false},"featured_media":22533,"template":"","meta":{"_monsterinsights_skip_tracking":false,"_monsterinsights_sitenote_active":false,"_monsterinsights_sitenote_note":"","_monsterinsights_sitenote_category":0},"product_brand":[],"product_cat":[74],"product_tag":[],"class_list":{"0":"post-22536","1":"product","2":"type-product","3":"status-publish","4":"has-post-thumbnail","6":"product_cat-uncategorized","7":"product_shipping_class-impresso","8":"pa_ano-992","9":"pa_autor-michelle-nunes-rabelo","10":"pa_editora-editora-lux","11":"pa_isbn-994","12":"pa_tipo-de-capa-brochura","14":"first","15":"instock","16":"purchasable","17":"product-type-simple"},"_links":{"self":[{"href":"https:\/\/www.editoralux.com.br\/loja\/wp-json\/wp\/v2\/product\/22536"}],"collection":[{"href":"https:\/\/www.editoralux.com.br\/loja\/wp-json\/wp\/v2\/product"}],"about":[{"href":"https:\/\/www.editoralux.com.br\/loja\/wp-json\/wp\/v2\/types\/product"}],"wp:featuredmedia":[{"embeddable":true,"href":"https:\/\/www.editoralux.com.br\/loja\/wp-json\/wp\/v2\/media\/22533"}],"wp:attachment":[{"href":"https:\/\/www.editoralux.com.br\/loja\/wp-json\/wp\/v2\/media?parent=22536"}],"wp:term":[{"taxonomy":"product_brand","embeddable":true,"href":"https:\/\/www.editoralux.com.br\/loja\/wp-json\/wp\/v2\/product_brand?post=22536"},{"taxonomy":"product_cat","embeddable":true,"href":"https:\/\/www.editoralux.com.br\/loja\/wp-json\/wp\/v2\/product_cat?post=22536"},{"taxonomy":"product_tag","embeddable":true,"href":"https:\/\/www.editoralux.com.br\/loja\/wp-json\/wp\/v2\/product_tag?post=22536"}],"curies":[{"name":"wp","href":"https:\/\/api.w.org\/{rel}","templated":true}]}}