{"id":22665,"date":"2025-03-06T21:03:51","date_gmt":"2025-03-07T00:03:51","guid":{"rendered":"https:\/\/www.editoralux.com.br\/loja\/?post_type=product&#038;p=22665"},"modified":"2025-03-06T21:08:28","modified_gmt":"2025-03-07T00:08:28","slug":"rabiscos-ariscos-cronicas-historietas-pensares-poemas","status":"publish","type":"product","link":"https:\/\/www.editoralux.com.br\/loja\/produto\/rabiscos-ariscos-cronicas-historietas-pensares-poemas\/","title":{"rendered":"Rabiscos ariscos: cr\u00f4nicas, historietas, pensares, poemas"},"content":{"rendered":"","protected":false},"excerpt":{"rendered":"<p data-start=\"220\" data-end=\"379\">Ent\u00e3o aqui v\u00e3o esses rabiscos ariscos, escritos entre 1985 e 2024, metade in\u00e9ditos, metade divulgados pela internet, agora pousados num livro.<\/p>\n<p data-start=\"381\" data-end=\"499\">Rabiscos, por alguns serem ainda verdes em termos de experi\u00eancia de vida, feitos a partir dos meus 25 anos de idade.<\/p>\n<p data-start=\"501\" data-end=\"650\">Ariscos, por estamparem v\u00e1rias fases de minha exist\u00eancia e, principalmente, meu desejo, \u00e0s vezes, problem\u00e1tico de independ\u00eancia cr\u00edtica e criativa.<\/p>\n<p data-start=\"652\" data-end=\"746\">Uma gangorra torta, meio ca\u00f3tica, mix de certa jovem ingenuidade e o quase vener\u00e1vel adulto.<\/p>\n<p data-start=\"748\" data-end=\"904\">Ainda assim, o contraste do mundo sonhado naqueles idos e o mundo afunilante de ideias atual, nem por isso larga a m\u00e3o da vida, sempre maior, sempre mais.<\/p>\n<p data-start=\"906\" data-end=\"948\">Que brilhar\u00e1 como sempre por cima de tudo.<\/p>\n","protected":false},"featured_media":22664,"template":"","meta":{"_monsterinsights_skip_tracking":false,"_monsterinsights_sitenote_active":false,"_monsterinsights_sitenote_note":"","_monsterinsights_sitenote_category":0},"product_brand":[],"product_cat":[74],"product_tag":[],"class_list":{"0":"post-22665","1":"product","2":"type-product","3":"status-publish","4":"has-post-thumbnail","6":"product_cat-uncategorized","7":"pa_ano-992","8":"pa_autor-silas-velozo","9":"pa_editora-editora-lux","10":"pa_isbn-1042","11":"pa_tipo-de-capa-brochura","13":"first","14":"instock","15":"purchasable","16":"product-type-simple"},"_links":{"self":[{"href":"https:\/\/www.editoralux.com.br\/loja\/wp-json\/wp\/v2\/product\/22665"}],"collection":[{"href":"https:\/\/www.editoralux.com.br\/loja\/wp-json\/wp\/v2\/product"}],"about":[{"href":"https:\/\/www.editoralux.com.br\/loja\/wp-json\/wp\/v2\/types\/product"}],"wp:featuredmedia":[{"embeddable":true,"href":"https:\/\/www.editoralux.com.br\/loja\/wp-json\/wp\/v2\/media\/22664"}],"wp:attachment":[{"href":"https:\/\/www.editoralux.com.br\/loja\/wp-json\/wp\/v2\/media?parent=22665"}],"wp:term":[{"taxonomy":"product_brand","embeddable":true,"href":"https:\/\/www.editoralux.com.br\/loja\/wp-json\/wp\/v2\/product_brand?post=22665"},{"taxonomy":"product_cat","embeddable":true,"href":"https:\/\/www.editoralux.com.br\/loja\/wp-json\/wp\/v2\/product_cat?post=22665"},{"taxonomy":"product_tag","embeddable":true,"href":"https:\/\/www.editoralux.com.br\/loja\/wp-json\/wp\/v2\/product_tag?post=22665"}],"curies":[{"name":"wp","href":"https:\/\/api.w.org\/{rel}","templated":true}]}}