{"id":22905,"date":"2025-07-13T12:22:37","date_gmt":"2025-07-13T15:22:37","guid":{"rendered":"https:\/\/www.editoralux.com.br\/loja\/produto\/minhas-historias-nossas-estorias\/"},"modified":"2025-07-13T12:22:37","modified_gmt":"2025-07-13T15:22:37","slug":"minhas-historias-nossas-estorias","status":"publish","type":"product","link":"https:\/\/www.editoralux.com.br\/loja\/produto\/minhas-historias-nossas-estorias\/","title":{"rendered":"Minhas (hist\u00f3rias) Nossas (est\u00f3rias)"},"content":{"rendered":"","protected":false},"excerpt":{"rendered":"<p>Os contos apresentados neste livro s\u00e3o reflexos v\u00edvidos de passagens da minha inf\u00e2ncia e adolesc\u00eancia. Eles s\u00e3o narrados com a autenticidade e a emo\u00e7\u00e3o com que foram vividos, tornando cada hist\u00f3ria uma janela para aqueles momentos. <\/p>\n<p>A participa\u00e7\u00e3o dos amigos \u00e9 um elemento crucial nestas narrativas, pois eles foram coautores dessas experi\u00eancias e contribu\u00edram para a riqueza e diversidade das hist\u00f3rias. Cada conto \u00e9 um testemunho do nosso crescimento conjunto, das aventuras compartilhadas e das li\u00e7\u00f5es aprendidas.<\/p>\n<p>Muitos desses contos s\u00e3o carregados da irresponsabilidade infantil, uma caracter\u00edstica inerente \u00e0 inf\u00e2ncia. Eles retratam a inoc\u00eancia e a aud\u00e1cia de uma crian\u00e7a do interior, especificamente do interior de Minas Gerais. Essa perspectiva \u00fanica adiciona uma camada extra de autenticidade e charme \u00e0s hist\u00f3rias, tornando-as ainda mais memor\u00e1veis.<\/p>\n","protected":false},"featured_media":22889,"template":"","meta":{"_monsterinsights_skip_tracking":false,"_monsterinsights_sitenote_active":false,"_monsterinsights_sitenote_note":"","_monsterinsights_sitenote_category":0},"product_brand":[],"product_cat":[74],"product_tag":[],"class_list":{"0":"post-22905","1":"product","2":"type-product","3":"status-publish","4":"has-post-thumbnail","6":"product_cat-uncategorized","7":"product_shipping_class-impresso","8":"pa_ano-992","9":"pa_autor-marcio-jose-do-amaral","10":"pa_editora-editora-lux","11":"pa_isbn-1175","12":"pa_quantidade-de-paginas-881","13":"pa_tipo-de-capa-brochura","15":"first","16":"instock","17":"purchasable","18":"product-type-simple"},"_links":{"self":[{"href":"https:\/\/www.editoralux.com.br\/loja\/wp-json\/wp\/v2\/product\/22905"}],"collection":[{"href":"https:\/\/www.editoralux.com.br\/loja\/wp-json\/wp\/v2\/product"}],"about":[{"href":"https:\/\/www.editoralux.com.br\/loja\/wp-json\/wp\/v2\/types\/product"}],"wp:featuredmedia":[{"embeddable":true,"href":"https:\/\/www.editoralux.com.br\/loja\/wp-json\/wp\/v2\/media\/22889"}],"wp:attachment":[{"href":"https:\/\/www.editoralux.com.br\/loja\/wp-json\/wp\/v2\/media?parent=22905"}],"wp:term":[{"taxonomy":"product_brand","embeddable":true,"href":"https:\/\/www.editoralux.com.br\/loja\/wp-json\/wp\/v2\/product_brand?post=22905"},{"taxonomy":"product_cat","embeddable":true,"href":"https:\/\/www.editoralux.com.br\/loja\/wp-json\/wp\/v2\/product_cat?post=22905"},{"taxonomy":"product_tag","embeddable":true,"href":"https:\/\/www.editoralux.com.br\/loja\/wp-json\/wp\/v2\/product_tag?post=22905"}],"curies":[{"name":"wp","href":"https:\/\/api.w.org\/{rel}","templated":true}]}}