{"id":23432,"date":"2026-02-24T20:36:19","date_gmt":"2026-02-24T23:36:19","guid":{"rendered":"https:\/\/www.editoralux.com.br\/loja\/produto\/eu-mudei-a-historia\/"},"modified":"2026-02-24T20:36:20","modified_gmt":"2026-02-24T23:36:20","slug":"eu-mudei-a-historia","status":"publish","type":"product","link":"https:\/\/www.editoralux.com.br\/loja\/produto\/eu-mudei-a-historia\/","title":{"rendered":"Eu Mudei a Hist\u00f3ria!"},"content":{"rendered":"","protected":false},"excerpt":{"rendered":"<p>Estamos acostumados a ver a hist\u00f3ria sendo contada atrav\u00e9s de grandes l\u00edderes, estadistas, her\u00f3is ou generais. Mas, e quando o curso dos eventos n\u00e3o depende dessas figuras c\u00e9lebres, mas sim de pessoas comuns, quase an\u00f4nimas, cujas a\u00e7\u00f5es &#8211; ou distra\u00e7\u00f5es &#8211; mudam para sempre o destino da humanidade?<\/p>\n<p>&#8220;Eu Mudei a Hist\u00f3ria&#8221; apresenta epis\u00f3dios surpreendentes onde pequenos gestos tiveram consequ\u00eancias imensas. Um exemplo \u00e9 o motorista que errou o caminho e a marcha do ve\u00edculo, permitindo um assassinato que desencadeou a Primeira Guerra Mundial. Outro caso \u00e9 o do coronel alem\u00e3o que, sem saber, salvou a vida de Hitler de um atentado ao afastar uma pasta de seus p\u00e9s.<\/p>\n<p>H\u00e1 tamb\u00e9m a hist\u00f3ria do marinheiro que esqueceu de entregar as chaves dos arm\u00e1rios do Titanic, onde estavam os bin\u00f3culos. Isso impediu seu uso no momento crucial da colis\u00e3o com o iceberg. E ainda, o namorado que, enfurecido com a exposi\u00e7\u00e3o de cartas de amor, acabou desencadeando uma revolu\u00e7\u00e3o no Brasil, entre outros epis\u00f3dios.<\/p>\n<p>Em cada cap\u00edtulo, o leitor descobre como atos, muitos deles banais, praticados por personagens despercebidos ou quase invis\u00edveis, geraram desfechos que moldaram s\u00e9culos inteiros. Esta obra envolvente mostra que a hist\u00f3ria n\u00e3o \u00e9 feita apenas pelos grandes nomes. Muitas vezes, ela se transforma pela m\u00e3o de quem menos esperamos, talvez at\u00e9 por um de n\u00f3s.<\/p>\n","protected":false},"featured_media":23413,"template":"","meta":{"_monsterinsights_skip_tracking":false,"_monsterinsights_sitenote_active":false,"_monsterinsights_sitenote_note":"","_monsterinsights_sitenote_category":0},"product_brand":[],"product_cat":[15],"product_tag":[],"class_list":{"0":"post-23432","1":"product","2":"type-product","3":"status-publish","4":"has-post-thumbnail","6":"product_cat-sem-categoria","7":"product_shipping_class-impresso","8":"pa_ano-1412","9":"pa_autor-marco-antonio-de-almeida","10":"pa_editora-editora-lux","11":"pa_isbn-1439","12":"pa_quantidade-de-paginas-1438","13":"pa_tipo-de-capa-brochura","15":"first","16":"instock","17":"purchasable","18":"product-type-simple"},"_links":{"self":[{"href":"https:\/\/www.editoralux.com.br\/loja\/wp-json\/wp\/v2\/product\/23432"}],"collection":[{"href":"https:\/\/www.editoralux.com.br\/loja\/wp-json\/wp\/v2\/product"}],"about":[{"href":"https:\/\/www.editoralux.com.br\/loja\/wp-json\/wp\/v2\/types\/product"}],"wp:featuredmedia":[{"embeddable":true,"href":"https:\/\/www.editoralux.com.br\/loja\/wp-json\/wp\/v2\/media\/23413"}],"wp:attachment":[{"href":"https:\/\/www.editoralux.com.br\/loja\/wp-json\/wp\/v2\/media?parent=23432"}],"wp:term":[{"taxonomy":"product_brand","embeddable":true,"href":"https:\/\/www.editoralux.com.br\/loja\/wp-json\/wp\/v2\/product_brand?post=23432"},{"taxonomy":"product_cat","embeddable":true,"href":"https:\/\/www.editoralux.com.br\/loja\/wp-json\/wp\/v2\/product_cat?post=23432"},{"taxonomy":"product_tag","embeddable":true,"href":"https:\/\/www.editoralux.com.br\/loja\/wp-json\/wp\/v2\/product_tag?post=23432"}],"curies":[{"name":"wp","href":"https:\/\/api.w.org\/{rel}","templated":true}]}}