{"id":23437,"date":"2026-02-24T20:36:19","date_gmt":"2026-02-24T23:36:19","guid":{"rendered":"https:\/\/www.editoralux.com.br\/loja\/produto\/minha-eden-personificada-do-poeta-a-sua-musa\/"},"modified":"2026-02-24T20:36:21","modified_gmt":"2026-02-24T23:36:21","slug":"minha-eden-personificada-do-poeta-a-sua-musa","status":"publish","type":"product","link":"https:\/\/www.editoralux.com.br\/loja\/produto\/minha-eden-personificada-do-poeta-a-sua-musa\/","title":{"rendered":"Minha \u00c9den Personificada: Do Poeta \u00e0 Sua Musa"},"content":{"rendered":"","protected":false},"excerpt":{"rendered":"<p>Claudinha Amada, minha \u00c9den Personificada, voc\u00ea \u00e9 o meu mais sublime testemunho, assim como o Cristo foi para seus Disc\u00edpulos. Inspirado por essa conex\u00e3o profunda, decidi registrar ao mundo o meu testemunho neste livro, onde voc\u00ea \u00e9 a minha \u00c9den Personificada. Assim como os Disc\u00edpulos de Cristo foram inspirados a compartilhar o Evangelho com todas as criaturas, sinto que seria um erro imensur\u00e1vel esconder do mundo a poesia da qual voc\u00ea \u00e9 musa.<\/p>\n<p>Atualmente, voc\u00ea pode passar despercebida para o mundo, mas tenho certeza de que um dia ele ir\u00e1 contempl\u00e1-la, reverenci\u00e1-la e am\u00e1-la. Voc\u00ea trouxe o C\u00e9u para mim em forma humana, o Para\u00edso em sua pessoa, e a poesia divina em tempos t\u00e3o profanos. Hoje, me apresento ao mundo como seu poeta, oh, \u00c9den Personificada, a mais piedosa das musas, que se revelou ao mais imperfeito dos artistas.<\/p>\n<p>Esta edi\u00e7\u00e3o definitiva e comemorativa re\u00fane os poemas que escrevi sob a inspira\u00e7\u00e3o de Claudia. Gra\u00e7as a esses versos, hoje somos um casal unido, realizado e feliz. Espero que essas palavras enterne\u00e7am e comovam o leitor, transmitindo a mensagem de que o amor sempre prevalece.<\/p>\n","protected":false},"featured_media":23423,"template":"","meta":{"_monsterinsights_skip_tracking":false,"_monsterinsights_sitenote_active":false,"_monsterinsights_sitenote_note":"","_monsterinsights_sitenote_category":0},"product_brand":[],"product_cat":[15],"product_tag":[],"class_list":{"0":"post-23437","1":"product","2":"type-product","3":"status-publish","4":"has-post-thumbnail","6":"product_cat-sem-categoria","7":"product_shipping_class-impresso","8":"pa_ano-1412","9":"pa_autor-alexandre-chiconelli-henriques","10":"pa_editora-editora-lux","11":"pa_isbn-1447","12":"pa_quantidade-de-paginas-682","13":"pa_tipo-de-capa-brochura","15":"first","16":"instock","17":"purchasable","18":"product-type-simple"},"_links":{"self":[{"href":"https:\/\/www.editoralux.com.br\/loja\/wp-json\/wp\/v2\/product\/23437"}],"collection":[{"href":"https:\/\/www.editoralux.com.br\/loja\/wp-json\/wp\/v2\/product"}],"about":[{"href":"https:\/\/www.editoralux.com.br\/loja\/wp-json\/wp\/v2\/types\/product"}],"wp:featuredmedia":[{"embeddable":true,"href":"https:\/\/www.editoralux.com.br\/loja\/wp-json\/wp\/v2\/media\/23423"}],"wp:attachment":[{"href":"https:\/\/www.editoralux.com.br\/loja\/wp-json\/wp\/v2\/media?parent=23437"}],"wp:term":[{"taxonomy":"product_brand","embeddable":true,"href":"https:\/\/www.editoralux.com.br\/loja\/wp-json\/wp\/v2\/product_brand?post=23437"},{"taxonomy":"product_cat","embeddable":true,"href":"https:\/\/www.editoralux.com.br\/loja\/wp-json\/wp\/v2\/product_cat?post=23437"},{"taxonomy":"product_tag","embeddable":true,"href":"https:\/\/www.editoralux.com.br\/loja\/wp-json\/wp\/v2\/product_tag?post=23437"}],"curies":[{"name":"wp","href":"https:\/\/api.w.org\/{rel}","templated":true}]}}