{"id":23438,"date":"2026-02-24T20:36:19","date_gmt":"2026-02-24T23:36:19","guid":{"rendered":"https:\/\/www.editoralux.com.br\/loja\/produto\/a-engenharia-do-amor-de-jesus-cristo\/"},"modified":"2026-02-24T20:36:21","modified_gmt":"2026-02-24T23:36:21","slug":"a-engenharia-do-amor-de-jesus-cristo","status":"publish","type":"product","link":"https:\/\/www.editoralux.com.br\/loja\/produto\/a-engenharia-do-amor-de-jesus-cristo\/","title":{"rendered":"A Engenharia Do Amor De Jesus Cristo"},"content":{"rendered":"","protected":false},"excerpt":{"rendered":"<p>A B\u00edblia, em Salmo 126:5-6, nos ensina uma li\u00e7\u00e3o valiosa: &#8220;Os que semeiam em l\u00e1grimas segar\u00e3o com alegria. Aquele que leva a preciosa semente, andando e chorando, voltar\u00e1, sem d\u00favida, com alegria, trazendo consigo os seus molhos&#8221;. Esta passagem nos lembra que, mesmo em meio \u00e0 adversidade e ao sofrimento, h\u00e1 sempre a promessa de alegria e recompensa.<\/p>\n<p>Infelizmente, a sociedade atual n\u00e3o d\u00e1 a devida import\u00e2ncia \u00e0 Palavra de Deus, que \u00e9 a coisa mais linda que n\u00f3s temos. \u00c9 essencial lembrar que n\u00e3o devemos nos considerar derrotados, prejudicados ou perdendo. Ao contr\u00e1rio, devemos reconhecer que estamos conquistando um pouco a cada dia, mesmo que pare\u00e7a insignificante.<\/p>\n<p>No entanto, \u00e9 f\u00e1cil perder de vista nossos objetivos e sair da vigil\u00e2ncia. Isso geralmente acontece quando nos concentramos demais em algo e decidimos &#8220;jogar tudo para o alto&#8221; para atender \u00e0s nossas necessidades imediatas, sem considerar as consequ\u00eancias ou o futuro. \u00c9 crucial refletir sobre como nos sentiremos no dia seguinte, o que restar\u00e1 de n\u00f3s mesmos na manh\u00e3 seguinte. Porque, no fim das contas, seremos apenas n\u00f3s mesmos.<\/p>\n","protected":false},"featured_media":23425,"template":"","meta":{"_monsterinsights_skip_tracking":false,"_monsterinsights_sitenote_active":false,"_monsterinsights_sitenote_note":"","_monsterinsights_sitenote_category":0},"product_brand":[],"product_cat":[15],"product_tag":[],"class_list":{"0":"post-23438","1":"product","2":"type-product","3":"status-publish","4":"has-post-thumbnail","6":"product_cat-sem-categoria","7":"product_shipping_class-impresso","8":"pa_ano-1412","9":"pa_autor-guilherme-augusto-rangel-dos-santos","10":"pa_editora-editora-lux","11":"pa_isbn-1449","12":"pa_quantidade-de-paginas-713","13":"pa_tipo-de-capa-brochura","15":"first","16":"instock","17":"purchasable","18":"product-type-simple"},"_links":{"self":[{"href":"https:\/\/www.editoralux.com.br\/loja\/wp-json\/wp\/v2\/product\/23438"}],"collection":[{"href":"https:\/\/www.editoralux.com.br\/loja\/wp-json\/wp\/v2\/product"}],"about":[{"href":"https:\/\/www.editoralux.com.br\/loja\/wp-json\/wp\/v2\/types\/product"}],"wp:featuredmedia":[{"embeddable":true,"href":"https:\/\/www.editoralux.com.br\/loja\/wp-json\/wp\/v2\/media\/23425"}],"wp:attachment":[{"href":"https:\/\/www.editoralux.com.br\/loja\/wp-json\/wp\/v2\/media?parent=23438"}],"wp:term":[{"taxonomy":"product_brand","embeddable":true,"href":"https:\/\/www.editoralux.com.br\/loja\/wp-json\/wp\/v2\/product_brand?post=23438"},{"taxonomy":"product_cat","embeddable":true,"href":"https:\/\/www.editoralux.com.br\/loja\/wp-json\/wp\/v2\/product_cat?post=23438"},{"taxonomy":"product_tag","embeddable":true,"href":"https:\/\/www.editoralux.com.br\/loja\/wp-json\/wp\/v2\/product_tag?post=23438"}],"curies":[{"name":"wp","href":"https:\/\/api.w.org\/{rel}","templated":true}]}}