{"id":23440,"date":"2026-02-24T20:36:19","date_gmt":"2026-02-24T23:36:19","guid":{"rendered":"https:\/\/www.editoralux.com.br\/loja\/produto\/a-homofobia-e-a-igreja-de-cristo\/"},"modified":"2026-02-24T20:36:22","modified_gmt":"2026-02-24T23:36:22","slug":"a-homofobia-e-a-igreja-de-cristo","status":"publish","type":"product","link":"https:\/\/www.editoralux.com.br\/loja\/produto\/a-homofobia-e-a-igreja-de-cristo\/","title":{"rendered":"A Homofobia e a Igreja De Cristo"},"content":{"rendered":"","protected":false},"excerpt":{"rendered":"<p>A homossexualidade tem se tornado cada vez mais presente em todo o mundo, como um vento tempestuoso. Este fen\u00f4meno tem causado preocupa\u00e7\u00f5es significativas e provocado danos consider\u00e1veis em diversos aspectos da vida, incluindo a fam\u00edlia, o trabalho e a espiritualidade. Al\u00e9m disso, tem levado a uma s\u00e9rie de danos f\u00edsicos e morais, bem como espirituais, em uma escala nunca antes vista.<\/p>\n<p>No entanto, o objetivo deste trabalho n\u00e3o \u00e9 condenar as pessoas envolvidas nesta quest\u00e3o. Em vez disso, o foco \u00e9 abordar o tema \u00e0 luz da Palavra de Deus, a fim de buscar um entendimento espiritual sobre o assunto. O autor deseja que Deus conceda aos leitores discernimento espiritual e verdadeiro, para que possam compreender a real posi\u00e7\u00e3o do Evangelho de Cristo, bem como a posi\u00e7\u00e3o das Igrejas do Senhor Jesus.<\/p>\n<p>O autor deste trabalho \u00e9, acima de tudo, um servo de Deus. Ele espera que, atrav\u00e9s de sua escrita, possa trazer gl\u00f3ria ao Senhor.<\/p>\n","protected":false},"featured_media":23429,"template":"","meta":{"_monsterinsights_skip_tracking":false,"_monsterinsights_sitenote_active":false,"_monsterinsights_sitenote_note":"","_monsterinsights_sitenote_category":0},"product_brand":[],"product_cat":[15],"product_tag":[],"class_list":{"0":"post-23440","1":"product","2":"type-product","3":"status-publish","4":"has-post-thumbnail","6":"product_cat-sem-categoria","7":"product_shipping_class-impresso","8":"pa_ano-1412","9":"pa_autor-florisvaldo-santos-xavier","10":"pa_editora-editora-lux","11":"pa_isbn-1453","12":"pa_quantidade-de-paginas-1452","13":"pa_tipo-de-capa-brochura","15":"first","16":"instock","17":"purchasable","18":"product-type-simple"},"_links":{"self":[{"href":"https:\/\/www.editoralux.com.br\/loja\/wp-json\/wp\/v2\/product\/23440"}],"collection":[{"href":"https:\/\/www.editoralux.com.br\/loja\/wp-json\/wp\/v2\/product"}],"about":[{"href":"https:\/\/www.editoralux.com.br\/loja\/wp-json\/wp\/v2\/types\/product"}],"wp:featuredmedia":[{"embeddable":true,"href":"https:\/\/www.editoralux.com.br\/loja\/wp-json\/wp\/v2\/media\/23429"}],"wp:attachment":[{"href":"https:\/\/www.editoralux.com.br\/loja\/wp-json\/wp\/v2\/media?parent=23440"}],"wp:term":[{"taxonomy":"product_brand","embeddable":true,"href":"https:\/\/www.editoralux.com.br\/loja\/wp-json\/wp\/v2\/product_brand?post=23440"},{"taxonomy":"product_cat","embeddable":true,"href":"https:\/\/www.editoralux.com.br\/loja\/wp-json\/wp\/v2\/product_cat?post=23440"},{"taxonomy":"product_tag","embeddable":true,"href":"https:\/\/www.editoralux.com.br\/loja\/wp-json\/wp\/v2\/product_tag?post=23440"}],"curies":[{"name":"wp","href":"https:\/\/api.w.org\/{rel}","templated":true}]}}