{"id":23485,"date":"2026-03-29T20:24:51","date_gmt":"2026-03-29T23:24:51","guid":{"rendered":"https:\/\/www.editoralux.com.br\/loja\/produto\/minha-historia-de-vida-uma-jornada-de-fe-coragem-e-esperanca\/"},"modified":"2026-05-04T10:36:27","modified_gmt":"2026-05-04T13:36:27","slug":"minha-historia-de-vida-uma-jornada-de-fe-coragem-e-esperanca","status":"publish","type":"product","link":"https:\/\/www.editoralux.com.br\/loja\/produto\/minha-historia-de-vida-uma-jornada-de-fe-coragem-e-esperanca\/","title":{"rendered":"Minha hist\u00f3ria de vida: uma jornada de f\u00e9, coragem e esperan\u00e7a"},"content":{"rendered":"","protected":false},"excerpt":{"rendered":"<p>O protagonista desta hist\u00f3ria \u00e9 um homem multifacetado: filho, irm\u00e3o, marido, amigo e, acima de tudo, um homem de coragem. Desde cedo, ele aprendeu que, por maiores que sejam os desafios, a esperan\u00e7a sempre prevalece. Sua forma\u00e7\u00e3o e p\u00f3s-gradua\u00e7\u00e3o em Direito foram apenas o come\u00e7o de uma trajet\u00f3ria marcada pela dedica\u00e7\u00e3o \u00e0 fam\u00edlia, ao trabalho e \u00e0 comunidade.<\/p>\n<p>No entanto, mais do que t\u00edtulos acad\u00eamicos ou conquistas materiais, o que ele realmente valoriza \u00e9 a capacidade de inspirar pessoas. Ele acredita que cada vida, por mais simples que pare\u00e7a, tem um valor imenso aos olhos de Deus e do mundo. Este amor pelas hist\u00f3rias e pela beleza da vida o levou a registrar suas mem\u00f3rias, n\u00e3o apenas para si mesmo, mas como um testemunho para todos aqueles que acreditam no poder da f\u00e9, do recome\u00e7o e da gratid\u00e3o.<\/p>\n<p>Este livro \u00e9 um reflexo de sua ess\u00eancia. Ele \u00e9 um homem que aprendeu a sorrir mesmo ap\u00f3s as l\u00e1grimas, que encontrou for\u00e7a na f\u00e9 e decidiu compartilhar sua jornada para iluminar o caminho de outros. Cada vida tem uma hist\u00f3ria, e a dele \u00e9 uma tape\u00e7aria rica e complexa, tecida com mem\u00f3rias de inf\u00e2ncia, sonhos de juventude, desafios da vida adulta e reflex\u00f5es da maturidade.<\/p>\n<p>Nesta obra, voc\u00ea encontrar\u00e1 muito mais do que fatos. Voc\u00ea encontrar\u00e1 sentimentos, lutas, vit\u00f3rias e, acima de tudo, f\u00e9. Cada cap\u00edtulo \u00e9 um convite para caminhar ao lado do autor, explorando estradas de descobertas, perdas, conquistas e esperan\u00e7a. Com palavras sinceras e emocionantes, ele abre o cora\u00e7\u00e3o para mostrar que, apesar das adversidades, sempre \u00e9 poss\u00edvel recome\u00e7ar, sonhar novamente e encontrar sentido at\u00e9 mesmo nas p\u00e1ginas mais dif\u00edceis da vida.<\/p>\n<p>Este livro \u00e9 mais do que uma autobiografia. \u00c9 uma obra que inspira, um testemunho de que a vida, quando guiada pela f\u00e9 e pela perseveran\u00e7a, se torna um legado capaz de tocar gera\u00e7\u00f5es.<\/p>\n","protected":false},"featured_media":23473,"template":"","meta":{"_monsterinsights_skip_tracking":false,"_monsterinsights_sitenote_active":false,"_monsterinsights_sitenote_note":"","_monsterinsights_sitenote_category":0},"product_brand":[],"product_cat":[15],"product_tag":[],"class_list":{"0":"post-23485","1":"product","2":"type-product","3":"status-publish","4":"has-post-thumbnail","6":"product_cat-sem-categoria","7":"product_shipping_class-impresso","8":"pa_ano-1412","9":"pa_autor-manoel-marcondes-de-oliveira-lima","10":"pa_editora-editora-lux","11":"pa_isbn-1466","12":"pa_quantidade-de-paginas-664","13":"pa_tipo-de-capa-brochura","15":"first","16":"instock","17":"purchasable","18":"product-type-simple"},"_links":{"self":[{"href":"https:\/\/www.editoralux.com.br\/loja\/wp-json\/wp\/v2\/product\/23485"}],"collection":[{"href":"https:\/\/www.editoralux.com.br\/loja\/wp-json\/wp\/v2\/product"}],"about":[{"href":"https:\/\/www.editoralux.com.br\/loja\/wp-json\/wp\/v2\/types\/product"}],"wp:featuredmedia":[{"embeddable":true,"href":"https:\/\/www.editoralux.com.br\/loja\/wp-json\/wp\/v2\/media\/23473"}],"wp:attachment":[{"href":"https:\/\/www.editoralux.com.br\/loja\/wp-json\/wp\/v2\/media?parent=23485"}],"wp:term":[{"taxonomy":"product_brand","embeddable":true,"href":"https:\/\/www.editoralux.com.br\/loja\/wp-json\/wp\/v2\/product_brand?post=23485"},{"taxonomy":"product_cat","embeddable":true,"href":"https:\/\/www.editoralux.com.br\/loja\/wp-json\/wp\/v2\/product_cat?post=23485"},{"taxonomy":"product_tag","embeddable":true,"href":"https:\/\/www.editoralux.com.br\/loja\/wp-json\/wp\/v2\/product_tag?post=23485"}],"curies":[{"name":"wp","href":"https:\/\/api.w.org\/{rel}","templated":true}]}}