{"id":23576,"date":"2026-04-15T15:09:04","date_gmt":"2026-04-15T18:09:04","guid":{"rendered":"https:\/\/www.editoralux.com.br\/loja\/?post_type=product&#038;p=23576"},"modified":"2026-04-15T15:09:04","modified_gmt":"2026-04-15T18:09:04","slug":"a-expansao-das-artes-estudos-em-industria-cultural-e-sincronia-na-arte-antiga","status":"publish","type":"product","link":"https:\/\/www.editoralux.com.br\/loja\/produto\/a-expansao-das-artes-estudos-em-industria-cultural-e-sincronia-na-arte-antiga\/","title":{"rendered":"A Expans\u00e3o Das Artes: Estudos Em Ind\u00fastria Cultural E Sincronia Na Arte Antiga"},"content":{"rendered":"<p>O livro \u00e9 dividido em partes, em que Ernesto Pachito pro- cura expor os principais problemas da ind\u00fastria cultural no que se refere \u00e0 grava\u00e7\u00e3o e reprodu\u00e7\u00e3o de m\u00fasica erudita e popular, entendendo que essa ind\u00fastria tem grande responsabilidade sobre a forma\u00e7\u00e3o das pessoas ou, ao contr\u00e1rio, sobre sua aliena\u00e7\u00e3o. Usando de forma ainda expedita os pressupostos de Walter Benjamin e Theodor Adorno para o julgamento do que se produz e difunde nos meios de comunica\u00e7\u00e3o em massa, o autor procura demonstrar que nem mesmo as vanguardas musicais e art\u00edsticas escapam da coopta\u00e7\u00e3o pela ind\u00fastria cultural. Nem mesmo os compositores ditos engajados est\u00e3o a salvo disso. Tamb\u00e9m reflete o livro sobre a quest\u00e3o da materialidade do som musical como recurso expressivo, gerador de sentido, que se perde no ato da grava\u00e7\u00e3o e da difus\u00e3o deste.<br \/>\nA segunda parte reza sobre uma metodologia para pesquisa em Hist\u00f3ria da Arte, sobre as artes orientais e pr\u00e9-colombianas, seguindo pressupostos sincr\u00f4nicos, j\u00e1 contemplados, ali\u00e1s, por Walter Benjamin, em que o sentido das obras de artes pl\u00e1sticas antigas \u00e9 investigado em cruzamentos no tempo e no espa\u00e7o, propondo-se a primazia deste tipo de contempla\u00e7\u00e3o sobre as visadas historiogr\u00e1ficas<\/p>\n","protected":false},"excerpt":{"rendered":"<p>O livro \u00e9 dividido em partes, em que Ernesto Pachito pro- cura expor os principais problemas da ind\u00fastria cultural no que se refere \u00e0 grava\u00e7\u00e3o e reprodu\u00e7\u00e3o de m\u00fasica erudita e popular, entendendo que essa ind\u00fastria tem grande responsabilidade sobre a forma\u00e7\u00e3o das pessoas ou, ao contr\u00e1rio, sobre sua aliena\u00e7\u00e3o. Usando de forma ainda expedita os pressupostos de Walter Benjamin e Theodor Adorno para o julgamento do que se produz e difunde nos meios de comunica\u00e7\u00e3o em massa, o autor procura demonstrar que nem mesmo as vanguardas musicais e art\u00edsticas escapam da coopta\u00e7\u00e3o pela ind\u00fastria cultural. Nem mesmo os compositores ditos engajados est\u00e3o a salvo disso. Tamb\u00e9m reflete o livro sobre a quest\u00e3o da materialidade do som musical como recurso expressivo, gerador de sentido, que se perde no ato da grava\u00e7\u00e3o e da difus\u00e3o deste.<br \/>\nA segunda parte reza sobre uma metodologia para pesquisa em Hist\u00f3ria da Arte, sobre as artes orientais e pr\u00e9-colombianas, seguindo pressupostos sincr\u00f4nicos, j\u00e1 contemplados, ali\u00e1s, por Walter Benjamin, em que o sentido das obras de artes pl\u00e1sticas antigas \u00e9 investigado em cruzamentos no tempo e no espa\u00e7o, propondo-se a primazia deste tipo de contempla\u00e7\u00e3o sobre as visadas historiogr\u00e1ficas<\/p>\n","protected":false},"featured_media":23578,"template":"","meta":{"_monsterinsights_skip_tracking":false,"_monsterinsights_sitenote_active":false,"_monsterinsights_sitenote_note":"","_monsterinsights_sitenote_category":0},"product_brand":[],"product_cat":[1501],"product_tag":[],"class_list":{"0":"post-23576","1":"product","2":"type-product","3":"status-publish","4":"has-post-thumbnail","6":"product_cat-1-artes-2-historia-da-arte-3-arte-antiga-4-musica-5-industria-cultural-6-cultura","7":"product_shipping_class-impresso","9":"first","10":"instock","11":"shipping-taxable","12":"purchasable","13":"product-type-simple"},"_links":{"self":[{"href":"https:\/\/www.editoralux.com.br\/loja\/wp-json\/wp\/v2\/product\/23576"}],"collection":[{"href":"https:\/\/www.editoralux.com.br\/loja\/wp-json\/wp\/v2\/product"}],"about":[{"href":"https:\/\/www.editoralux.com.br\/loja\/wp-json\/wp\/v2\/types\/product"}],"wp:featuredmedia":[{"embeddable":true,"href":"https:\/\/www.editoralux.com.br\/loja\/wp-json\/wp\/v2\/media\/23578"}],"wp:attachment":[{"href":"https:\/\/www.editoralux.com.br\/loja\/wp-json\/wp\/v2\/media?parent=23576"}],"wp:term":[{"taxonomy":"product_brand","embeddable":true,"href":"https:\/\/www.editoralux.com.br\/loja\/wp-json\/wp\/v2\/product_brand?post=23576"},{"taxonomy":"product_cat","embeddable":true,"href":"https:\/\/www.editoralux.com.br\/loja\/wp-json\/wp\/v2\/product_cat?post=23576"},{"taxonomy":"product_tag","embeddable":true,"href":"https:\/\/www.editoralux.com.br\/loja\/wp-json\/wp\/v2\/product_tag?post=23576"}],"curies":[{"name":"wp","href":"https:\/\/api.w.org\/{rel}","templated":true}]}}