{"id":23612,"date":"2026-04-25T11:01:58","date_gmt":"2026-04-25T14:01:58","guid":{"rendered":"https:\/\/www.editoralux.com.br\/loja\/?post_type=product&#038;p=23612"},"modified":"2026-04-25T11:01:58","modified_gmt":"2026-04-25T14:01:58","slug":"caputira-em-versos-e-sentimentos","status":"publish","type":"product","link":"https:\/\/www.editoralux.com.br\/loja\/produto\/caputira-em-versos-e-sentimentos\/","title":{"rendered":"Caputira, Em Versos e Sentimentos"},"content":{"rendered":"<p>Caputira \u2014 nome que j\u00e1 soa como poesia \u2014 agora ganha voz em versos e sentimentos pelas m\u00e3os sens\u00edveis e talentosas de Camilla Augusta. Formada em Direito e Hist\u00f3ria, Camilla faz neste livro mais do que um exerc\u00edcio de mem\u00f3ria: ela nos convida a caminhar por entre as ruas de ch\u00e3o batido, os causos de antigamente, os vultos da pol\u00edtica local, as batinas dos padres e as janelas das escolas, tudo sob o olhar nost\u00e1lgico e detalhado de quem conhece o valor da hist\u00f3ria e a leveza da poesia.<\/p>\n<p>Caputira em Versos e Sentimentos \u00e9 um mergulho afetivo entre os anos de 1855 e os anos 90, um per\u00edodo em que a cidade se firmava se formava e se transformava. Em cada poema, Camilla eterniza figuras buc\u00f3licas, paisagens encantadoras e instantes do cotidiano que o tempo pode ria apagar \u2014 n\u00e3o fosse sua arte de recontar com emo\u00e7\u00e3o e exatid\u00e3o. \u00c9 impressionante como ela costura o passado com beleza e profundidade, sem perder a simplicidade que<br \/>\ntorna esta leitura t\u00e3o acess\u00edvel e cativante.<\/p>\n","protected":false},"excerpt":{"rendered":"<p>Caputira \u2014 nome que j\u00e1 soa como poesia \u2014 agora ganha voz em versos e sentimentos pelas m\u00e3os sens\u00edveis e talentosas de Camilla Augusta. Formada em Direito e Hist\u00f3ria, Camilla faz neste livro mais do que um exerc\u00edcio de mem\u00f3ria: ela nos convida a caminhar por entre as ruas de ch\u00e3o batido, os causos de antigamente, os vultos da pol\u00edtica local, as batinas dos padres e as janelas das escolas, tudo sob o olhar nost\u00e1lgico e detalhado de quem conhece o valor da hist\u00f3ria e a leveza da poesia.<\/p>\n<p>Caputira em Versos e Sentimentos \u00e9 um mergulho afetivo entre os anos de 1855 e os anos 90, um per\u00edodo em que a cidade se firmava se formava e se transformava. Em cada poema, Camilla eterniza figuras buc\u00f3licas, paisagens encantadoras e instantes do cotidiano que o tempo pode ria apagar \u2014 n\u00e3o fosse sua arte de recontar com emo\u00e7\u00e3o e exatid\u00e3o. \u00c9 impressionante como ela costura o passado com beleza e profundidade, sem perder a simplicidade que<br \/>\ntorna esta leitura t\u00e3o acess\u00edvel e cativante.<\/p>\n","protected":false},"featured_media":23615,"template":"","meta":{"_monsterinsights_skip_tracking":false,"_monsterinsights_sitenote_active":false,"_monsterinsights_sitenote_note":"","_monsterinsights_sitenote_category":0},"product_brand":[],"product_cat":[1506],"product_tag":[],"class_list":{"0":"post-23612","1":"product","2":"type-product","3":"status-publish","4":"has-post-thumbnail","6":"product_cat-1-literatura-brasileira-2-memorias-3-poesia-4-historia-5-caputira-mg","7":"product_shipping_class-impresso","9":"first","10":"instock","11":"shipping-taxable","12":"purchasable","13":"product-type-simple"},"_links":{"self":[{"href":"https:\/\/www.editoralux.com.br\/loja\/wp-json\/wp\/v2\/product\/23612"}],"collection":[{"href":"https:\/\/www.editoralux.com.br\/loja\/wp-json\/wp\/v2\/product"}],"about":[{"href":"https:\/\/www.editoralux.com.br\/loja\/wp-json\/wp\/v2\/types\/product"}],"wp:featuredmedia":[{"embeddable":true,"href":"https:\/\/www.editoralux.com.br\/loja\/wp-json\/wp\/v2\/media\/23615"}],"wp:attachment":[{"href":"https:\/\/www.editoralux.com.br\/loja\/wp-json\/wp\/v2\/media?parent=23612"}],"wp:term":[{"taxonomy":"product_brand","embeddable":true,"href":"https:\/\/www.editoralux.com.br\/loja\/wp-json\/wp\/v2\/product_brand?post=23612"},{"taxonomy":"product_cat","embeddable":true,"href":"https:\/\/www.editoralux.com.br\/loja\/wp-json\/wp\/v2\/product_cat?post=23612"},{"taxonomy":"product_tag","embeddable":true,"href":"https:\/\/www.editoralux.com.br\/loja\/wp-json\/wp\/v2\/product_tag?post=23612"}],"curies":[{"name":"wp","href":"https:\/\/api.w.org\/{rel}","templated":true}]}}

<p>Caputira — nome que já soa como poesia — agora ganha voz em versos e sentimentos pelas mãos sensíveis e talentosas de Camilla Augusta. Formada em Direito e História, Camilla faz neste livro mais do que um exercício de memória: ela nos convida a caminhar por entre as ruas de chão batido, os causos de antigamente, os vultos da política local, as batinas dos padres e as janelas das escolas, tudo sob o olhar nostálgico e detalhado de quem conhece o valor da história e a leveza da poesia.</p>
<p>Caputira em Versos e Sentimentos é um mergulho afetivo entre os anos de 1855 e os anos 90, um período em que a cidade se firmava se formava e se transformava. Em cada poema, Camilla eterniza figuras bucólicas, paisagens encantadoras e instantes do cotidiano que o tempo pode ria apagar — não fosse sua arte de recontar com emoção e exatidão. É impressionante como ela costura o passado com beleza e profundidade, sem perder a simplicidade que<br />
torna esta leitura tão acessível e cativante.</p>
